Last updated on 2022-04-24 03:52:34 CEST.
Flavor | Version | Tinstall | Tcheck | Ttotal | Status | Flags |
---|---|---|---|---|---|---|
r-devel-linux-x86_64-debian-clang | 0.1.0 | 6.45 | 79.50 | 85.95 | OK | |
r-devel-linux-x86_64-debian-gcc | 0.1.0 | 5.05 | 58.24 | 63.29 | OK | |
r-devel-linux-x86_64-fedora-clang | 0.1.0 | 101.62 | NOTE | |||
r-devel-linux-x86_64-fedora-gcc | 0.1.0 | 86.84 | NOTE | |||
r-patched-linux-x86_64 | 0.1.0 | 6.25 | 72.89 | 79.14 | OK | |
r-release-linux-x86_64 | 0.1.0 | 3.67 | 68.36 | 72.03 | OK | |
r-release-macos-arm64 | 0.1.0 | NOTE | ||||
r-release-macos-x86_64 | 0.1.0 | NOTE | ||||
r-release-windows-x86_64 | 0.1.0 | 18.00 | 97.00 | 115.00 | OK | |
r-oldrel-macos-arm64 | 0.1.0 | NOTE | ||||
r-oldrel-macos-x86_64 | 0.1.0 | NOTE | ||||
r-oldrel-windows-ix86+x86_64 | 0.1.0 | 17.00 | 83.00 | 100.00 | OK |
Version: 0.1.0
Check: dependencies in R code
Result: NOTE
Namespace in Imports field not imported from: ‘devtools’
All declared Imports should be used.
Flavors: r-devel-linux-x86_64-fedora-clang, r-devel-linux-x86_64-fedora-gcc, r-release-macos-arm64, r-release-macos-x86_64, r-oldrel-macos-arm64, r-oldrel-macos-x86_64