Last updated on 2022-04-24 03:52:34 CEST.
Flavor | Version | Tinstall | Tcheck | Ttotal | Status | Flags |
---|---|---|---|---|---|---|
r-devel-linux-x86_64-debian-clang | 0.1.0 | 4.63 | 59.49 | 64.12 | NOTE | |
r-devel-linux-x86_64-debian-gcc | 0.1.0 | 4.19 | 43.21 | 47.40 | NOTE | |
r-devel-linux-x86_64-fedora-clang | 0.1.0 | 75.96 | NOTE | |||
r-devel-linux-x86_64-fedora-gcc | 0.1.0 | 62.06 | NOTE | |||
r-patched-linux-x86_64 | 0.1.0 | 4.05 | 55.75 | 59.80 | NOTE | |
r-release-linux-x86_64 | 0.1.0 | 2.88 | 52.31 | 55.19 | NOTE | |
r-release-macos-arm64 | 0.1.0 | NOTE | ||||
r-release-macos-x86_64 | 0.1.0 | NOTE | ||||
r-release-windows-x86_64 | 0.1.0 | 10.00 | 67.00 | 77.00 | NOTE | |
r-oldrel-macos-arm64 | 0.1.0 | NOTE | ||||
r-oldrel-macos-x86_64 | 0.1.0 | NOTE | ||||
r-oldrel-windows-ix86+x86_64 | 0.1.0 | 14.00 | 61.00 | 75.00 | NOTE |
Version: 0.1.0
Check: LazyData
Result: NOTE
'LazyData' is specified without a 'data' directory
Flavors: r-devel-linux-x86_64-debian-clang, r-devel-linux-x86_64-debian-gcc, r-devel-linux-x86_64-fedora-clang, r-devel-linux-x86_64-fedora-gcc, r-patched-linux-x86_64, r-release-linux-x86_64, r-release-macos-arm64, r-release-macos-x86_64, r-release-windows-x86_64, r-oldrel-macos-arm64, r-oldrel-macos-x86_64, r-oldrel-windows-ix86+x86_64