Last updated on 2022-04-24 03:52:34 CEST.
Flavor | Version | Tinstall | Tcheck | Ttotal | Status | Flags |
---|---|---|---|---|---|---|
r-devel-linux-x86_64-debian-clang | 2.4.3 | 43.78 | 289.80 | 333.58 | OK | |
r-devel-linux-x86_64-debian-gcc | 2.4.3 | 34.41 | 211.37 | 245.78 | OK | |
r-devel-linux-x86_64-fedora-clang | 2.4.3 | 393.57 | NOTE | |||
r-devel-linux-x86_64-fedora-gcc | 2.4.3 | 379.31 | OK | |||
r-patched-linux-x86_64 | 2.4.3 | 49.04 | 272.57 | 321.61 | OK | |
r-release-linux-x86_64 | 2.4.3 | 38.86 | 267.98 | 306.84 | OK | |
r-release-macos-arm64 | 2.4.3 | OK | ||||
r-release-macos-x86_64 | 2.4.3 | OK | ||||
r-release-windows-x86_64 | 2.4.3 | 197.00 | 315.00 | 512.00 | OK | |
r-oldrel-macos-arm64 | 2.4.3 | OK | ||||
r-oldrel-macos-x86_64 | 2.4.3 | OK | ||||
r-oldrel-windows-ix86+x86_64 | 2.4.3 | 74.00 | 309.00 | 383.00 | OK |
Version: 2.4.3
Check: Rd cross-references
Result: NOTE
Undeclared package ‘gplots’ in Rd xrefs
Flavor: r-devel-linux-x86_64-fedora-clang