Last updated on 2022-04-24 03:52:34 CEST.
Flavor | Version | Tinstall | Tcheck | Ttotal | Status | Flags |
---|---|---|---|---|---|---|
r-devel-linux-x86_64-debian-clang | 1.0.7 | 4.01 | 36.13 | 40.14 | OK | |
r-devel-linux-x86_64-debian-gcc | 1.0.7 | 3.40 | 27.31 | 30.71 | OK | |
r-devel-linux-x86_64-fedora-clang | 1.0.7 | 48.13 | NOTE | |||
r-devel-linux-x86_64-fedora-gcc | 1.0.7 | 37.46 | OK | |||
r-patched-linux-x86_64 | 1.0.7 | 4.22 | 33.85 | 38.07 | OK | |
r-release-linux-x86_64 | 1.0.7 | 4.17 | 33.49 | 37.66 | OK | |
r-release-macos-arm64 | 1.0.7 | OK | ||||
r-release-macos-x86_64 | 1.0.7 | OK | ||||
r-release-windows-x86_64 | 1.0.7 | 181.00 | 52.00 | 233.00 | OK | |
r-oldrel-macos-arm64 | 1.0.7 | OK | ||||
r-oldrel-macos-x86_64 | 1.0.7 | OK | ||||
r-oldrel-windows-ix86+x86_64 | 1.0.7 | 8.00 | 35.00 | 43.00 | OK |
Version: 1.0.7
Check: Rd cross-references
Result: NOTE
Undeclared package ‘qdap’ in Rd xrefs
Flavor: r-devel-linux-x86_64-fedora-clang