Last updated on 2022-04-24 03:52:34 CEST.
Flavor | Version | Tinstall | Tcheck | Ttotal | Status | Flags |
---|---|---|---|---|---|---|
r-devel-linux-x86_64-debian-clang | 0.7.2 | 6.31 | 55.99 | 62.30 | ERROR | |
r-devel-linux-x86_64-debian-gcc | 0.7.2 | 4.28 | 42.58 | 46.86 | ERROR | |
r-devel-linux-x86_64-fedora-clang | 0.7.2 | 74.31 | ERROR | |||
r-devel-linux-x86_64-fedora-gcc | 0.7.2 | 62.83 | ERROR | |||
r-patched-linux-x86_64 | 0.7.2 | 7.42 | 53.63 | 61.05 | ERROR | |
r-release-linux-x86_64 | 0.7.2 | 4.13 | 52.70 | 56.83 | ERROR | |
r-release-macos-arm64 | 0.7.2 | OK | ||||
r-release-macos-x86_64 | 0.7.2 | OK | ||||
r-release-windows-x86_64 | 0.7.2 | 91.00 | 77.00 | 168.00 | ERROR | |
r-oldrel-macos-arm64 | 0.7.2 | OK | ||||
r-oldrel-macos-x86_64 | 0.7.2 | OK | ||||
r-oldrel-windows-ix86+x86_64 | 0.7.2 | 9.00 | 64.00 | 73.00 | ERROR |
Version: 0.7.2
Check: examples
Result: ERROR
Running examples in 'qdapRegex-Ex.R' failed
The error most likely occurred in:
> base::assign(".ptime", proc.time(), pos = "CheckExEnv")
> ### Name: explain
> ### Title: Visualize Regular Expressions
> ### Aliases: explain
> ### Keywords: explain regex
>
> ### ** Examples
>
> explain("\\s*foo[A-Z]\\d{2,3}")
Warning in file(con, "r") :
cannot open URL 'http://rick.measham.id.au/paste/explain.pl?regex=%5Cs*foo[A-Z]%5Cd%7B2,3%7D': HTTP status was '500 Internal Server Error'
Error in file(con, "r") :
cannot open the connection to 'http://rick.measham.id.au/paste/explain.pl?regex=%5Cs*foo[A-Z]%5Cd%7B2,3%7D'
Calls: explain -> readLines -> file
Execution halted
Flavors: r-devel-linux-x86_64-debian-clang, r-devel-linux-x86_64-debian-gcc, r-patched-linux-x86_64, r-release-linux-x86_64
Version: 0.7.2
Check: tests
Result: ERROR
Running 'testthat.R' [3s/4s]
Running the tests in 'tests/testthat.R' failed.
Complete output:
> library("testthat")
> library("qdapRegex")
>
>
> test_check("qdapRegex")
[ FAIL 1 | WARN 8 | SKIP 0 | PASS 178 ]
== Failed tests ================================================================
-- Error (test-explain.R:5:5): explain produces a character vector -------------
Error in `file(con, "r")`: cannot open the connection to 'http://rick.measham.id.au/paste/explain.pl?regex=(?%3C=foo)%5Cs%2B%5C(%5Cd%7B4%7D%5C)'
Backtrace:
x
1. \-qdapRegex::explain("(?<=foo)\\s+\\(\\d{4}\\)") at test-explain.R:5:4
2. \-base::readLines(URL2)
3. \-base::file(con, "r")
[ FAIL 1 | WARN 8 | SKIP 0 | PASS 178 ]
Error: Test failures
Execution halted
Flavor: r-devel-linux-x86_64-debian-clang
Version: 0.7.2
Check: tests
Result: ERROR
Running ‘testthat.R’ [2s/5s]
Running the tests in ‘tests/testthat.R’ failed.
Complete output:
> library("testthat")
> library("qdapRegex")
>
>
> test_check("qdapRegex")
[ FAIL 1 | WARN 8 | SKIP 0 | PASS 178 ]
══ Failed tests ════════════════════════════════════════════════════════════════
── Error (test-explain.R:5:5): explain produces a character vector ─────────────
Error in `file(con, "r")`: cannot open the connection to 'http://rick.measham.id.au/paste/explain.pl?regex=(?%3C=foo)%5Cs%2B%5C(%5Cd%7B4%7D%5C)'
Backtrace:
▆
1. └─qdapRegex::explain("(?<=foo)\\s+\\(\\d{4}\\)") at test-explain.R:5:4
2. └─base::readLines(URL2)
3. └─base::file(con, "r")
[ FAIL 1 | WARN 8 | SKIP 0 | PASS 178 ]
Error: Test failures
Execution halted
Flavor: r-devel-linux-x86_64-debian-gcc
Version: 0.7.2
Check: examples
Result: ERROR
Running examples in ‘qdapRegex-Ex.R’ failed
The error most likely occurred in:
> ### Name: explain
> ### Title: Visualize Regular Expressions
> ### Aliases: explain
> ### Keywords: explain regex
>
> ### ** Examples
>
> explain("\\s*foo[A-Z]\\d{2,3}")
Warning in file(con, "r") :
cannot open URL 'http://rick.measham.id.au/paste/explain.pl?regex=%5Cs*foo[A-Z]%5Cd%7B2,3%7D': HTTP status was '500 Internal Server Error'
Error in file(con, "r") :
cannot open the connection to 'http://rick.measham.id.au/paste/explain.pl?regex=%5Cs*foo[A-Z]%5Cd%7B2,3%7D'
Calls: explain -> readLines -> file
Execution halted
Flavors: r-devel-linux-x86_64-fedora-clang, r-devel-linux-x86_64-fedora-gcc, r-release-windows-x86_64
Version: 0.7.2
Check: tests
Result: ERROR
Running ‘testthat.R’
Running the tests in ‘tests/testthat.R’ failed.
Complete output:
> library("testthat")
> library("qdapRegex")
>
>
> test_check("qdapRegex")
[ FAIL 1 | WARN 8 | SKIP 0 | PASS 178 ]
══ Failed tests ════════════════════════════════════════════════════════════════
── Error (test-explain.R:5:5): explain produces a character vector ─────────────
Error in `file(con, "r")`: cannot open the connection to 'http://rick.measham.id.au/paste/explain.pl?regex=(?%3C=foo)%5Cs%2B%5C(%5Cd%7B4%7D%5C)'
Backtrace:
▆
1. └─qdapRegex::explain("(?<=foo)\\s+\\(\\d{4}\\)") at test-explain.R:5:4
2. └─base::readLines(URL2)
3. └─base::file(con, "r")
[ FAIL 1 | WARN 8 | SKIP 0 | PASS 178 ]
Error: Test failures
Execution halted
Flavors: r-devel-linux-x86_64-fedora-clang, r-devel-linux-x86_64-fedora-gcc
Version: 0.7.2
Check: tests
Result: ERROR
Running ‘testthat.R’ [3s/4s]
Running the tests in ‘tests/testthat.R’ failed.
Complete output:
> library("testthat")
> library("qdapRegex")
>
>
> test_check("qdapRegex")
[ FAIL 1 | WARN 8 | SKIP 0 | PASS 178 ]
══ Failed tests ════════════════════════════════════════════════════════════════
── Error (test-explain.R:5:5): explain produces a character vector ─────────────
Error in `file(con, "r")`: cannot open the connection to 'http://rick.measham.id.au/paste/explain.pl?regex=(?%3C=foo)%5Cs%2B%5C(%5Cd%7B4%7D%5C)'
Backtrace:
▆
1. └─qdapRegex::explain("(?<=foo)\\s+\\(\\d{4}\\)") at test-explain.R:5:4
2. └─base::readLines(URL2)
3. └─base::file(con, "r")
[ FAIL 1 | WARN 8 | SKIP 0 | PASS 178 ]
Error: Test failures
Execution halted
Flavor: r-patched-linux-x86_64
Version: 0.7.2
Check: tests
Result: ERROR
Running ‘testthat.R’ [3s/4s]
Running the tests in ‘tests/testthat.R’ failed.
Complete output:
> library("testthat")
> library("qdapRegex")
>
>
> test_check("qdapRegex")
[ FAIL 1 | WARN 2 | SKIP 0 | PASS 178 ]
══ Failed tests ════════════════════════════════════════════════════════════════
── Error (test-explain.R:5:5): explain produces a character vector ─────────────
Error in `file(con, "r")`: cannot open the connection to 'http://rick.measham.id.au/paste/explain.pl?regex=(?%3C=foo)%5Cs%2B%5C(%5Cd%7B4%7D%5C)'
Backtrace:
▆
1. └─qdapRegex::explain("(?<=foo)\\s+\\(\\d{4}\\)") at test-explain.R:5:4
2. └─base::readLines(URL2)
3. └─base::file(con, "r")
[ FAIL 1 | WARN 2 | SKIP 0 | PASS 178 ]
Error: Test failures
Execution halted
Flavor: r-release-linux-x86_64
Version: 0.7.2
Check: tests
Result: ERROR
Running 'testthat.R' [3s]
Running the tests in 'tests/testthat.R' failed.
Complete output:
> library("testthat")
> library("qdapRegex")
>
>
> test_check("qdapRegex")
[ FAIL 1 | WARN 8 | SKIP 0 | PASS 178 ]
══ Failed tests ════════════════════════════════════════════════════════════════
── Error (test-explain.R:5:5): explain produces a character vector ─────────────
Error in `file(con, "r")`: cannot open the connection to 'http://rick.measham.id.au/paste/explain.pl?regex=(?%3C=foo)%5Cs%2B%5C(%5Cd%7B4%7D%5C)'
Backtrace:
▆
1. └─qdapRegex::explain("(?<=foo)\\s+\\(\\d{4}\\)") at test-explain.R:5:4
2. └─base::readLines(URL2)
3. └─base::file(con, "r")
[ FAIL 1 | WARN 8 | SKIP 0 | PASS 178 ]
Error: Test failures
Execution halted
Flavor: r-release-windows-x86_64
Version: 0.7.2
Check: examples
Result: ERROR
Running examples in 'qdapRegex-Ex.R' failed
The error most likely occurred in:
> ### Name: explain
> ### Title: Visualize Regular Expressions
> ### Aliases: explain
> ### Keywords: explain regex
>
> ### ** Examples
>
> explain("\\s*foo[A-Z]\\d{2,3}")
Warning in file(con, "r") :
cannot open URL 'http://rick.measham.id.au/paste/explain.pl?regex=%5Cs*foo[A-Z]%5Cd%7B2,3%7D': HTTP status was '500 Internal Server Error'
Error in file(con, "r") : cannot open the connection
Calls: explain -> readLines -> file
Execution halted
Flavor: r-oldrel-windows-ix86+x86_64
Version: 0.7.2
Check: tests
Result: ERROR
Running 'testthat.R' [4s]
Running the tests in 'tests/testthat.R' failed.
Complete output:
> library("testthat")
> library("qdapRegex")
>
>
> test_check("qdapRegex")
[ FAIL 1 | WARN 2 | SKIP 0 | PASS 178 ]
== Failed tests ================================================================
-- Error (test-explain.R:5:5): explain produces a character vector -------------
Error in `file(con, "r")`: cannot open the connection
Backtrace:
x
1. \-qdapRegex::explain("(?<=foo)\\s+\\(\\d{4}\\)") at test-explain.R:5:4
2. \-base::readLines(URL2)
3. \-base::file(con, "r")
[ FAIL 1 | WARN 2 | SKIP 0 | PASS 178 ]
Error: Test failures
Execution halted
Flavor: r-oldrel-windows-ix86+x86_64