Last updated on 2022-04-24 03:52:34 CEST.
Flavor | Version | Tinstall | Tcheck | Ttotal | Status | Flags |
---|---|---|---|---|---|---|
r-devel-linux-x86_64-debian-clang | 1.3.5 | 5.13 | 60.86 | 65.99 | NOTE | |
r-devel-linux-x86_64-debian-gcc | 1.3.5 | 3.44 | 44.04 | 47.48 | NOTE | |
r-devel-linux-x86_64-fedora-clang | 1.3.5 | 77.26 | NOTE | |||
r-devel-linux-x86_64-fedora-gcc | 1.3.5 | 62.90 | NOTE | |||
r-patched-linux-x86_64 | 1.3.5 | 4.02 | 55.98 | 60.00 | NOTE | |
r-release-linux-x86_64 | 1.3.5 | 4.02 | 53.61 | 57.63 | NOTE | |
r-release-macos-arm64 | 1.3.5 | NOTE | ||||
r-release-macos-x86_64 | 1.3.5 | NOTE | ||||
r-release-windows-x86_64 | 1.3.5 | 47.00 | 70.00 | 117.00 | NOTE | |
r-oldrel-macos-arm64 | 1.3.5 | NOTE | ||||
r-oldrel-macos-x86_64 | 1.3.5 | NOTE | ||||
r-oldrel-windows-ix86+x86_64 | 1.3.5 | 9.00 | 64.00 | 73.00 | NOTE |
Version: 1.3.5
Check: LazyData
Result: NOTE
'LazyData' is specified without a 'data' directory
Flavors: r-devel-linux-x86_64-debian-clang, r-devel-linux-x86_64-debian-gcc, r-devel-linux-x86_64-fedora-clang, r-devel-linux-x86_64-fedora-gcc, r-patched-linux-x86_64, r-release-linux-x86_64, r-release-macos-arm64, r-release-macos-x86_64, r-release-windows-x86_64, r-oldrel-macos-arm64, r-oldrel-macos-x86_64, r-oldrel-windows-ix86+x86_64