Last updated on 2022-04-24 03:52:34 CEST.
Flavor | Version | Tinstall | Tcheck | Ttotal | Status | Flags |
---|---|---|---|---|---|---|
r-devel-linux-x86_64-debian-clang | 1.2.1 | 5.02 | 63.07 | 68.09 | NOTE | |
r-devel-linux-x86_64-debian-gcc | 1.2.1 | 4.43 | 47.34 | 51.77 | NOTE | |
r-devel-linux-x86_64-fedora-clang | 1.2.1 | 82.31 | NOTE | |||
r-devel-linux-x86_64-fedora-gcc | 1.2.1 | 70.48 | NOTE | |||
r-patched-linux-x86_64 | 1.2.1 | 6.25 | 60.73 | 66.98 | NOTE | |
r-release-linux-x86_64 | 1.2.1 | 3.91 | 59.33 | 63.24 | NOTE | |
r-release-macos-arm64 | 1.2.1 | NOTE | ||||
r-release-macos-x86_64 | 1.2.1 | NOTE | ||||
r-release-windows-x86_64 | 1.2.1 | 30.00 | 86.00 | 116.00 | NOTE | |
r-oldrel-macos-arm64 | 1.2.1 | NOTE | ||||
r-oldrel-macos-x86_64 | 1.2.1 | NOTE | ||||
r-oldrel-windows-ix86+x86_64 | 1.2.1 | 8.00 | 71.00 | 79.00 | NOTE |
Version: 1.2.1
Check: LazyData
Result: NOTE
'LazyData' is specified without a 'data' directory
Flavors: r-devel-linux-x86_64-debian-clang, r-devel-linux-x86_64-debian-gcc, r-devel-linux-x86_64-fedora-clang, r-devel-linux-x86_64-fedora-gcc, r-patched-linux-x86_64, r-release-linux-x86_64, r-release-macos-arm64, r-release-macos-x86_64, r-release-windows-x86_64, r-oldrel-macos-arm64, r-oldrel-macos-x86_64, r-oldrel-windows-ix86+x86_64