Last updated on 2022-04-24 03:52:34 CEST.
Flavor | Version | Tinstall | Tcheck | Ttotal | Status | Flags |
---|---|---|---|---|---|---|
r-devel-linux-x86_64-debian-clang | 1.3.4 | 17.18 | 445.48 | 462.66 | OK | |
r-devel-linux-x86_64-debian-gcc | 1.3.4 | 12.72 | 333.35 | 346.07 | OK | |
r-devel-linux-x86_64-fedora-clang | 1.3.4 | 546.14 | NOTE | |||
r-devel-linux-x86_64-fedora-gcc | 1.3.4 | 537.55 | OK | |||
r-patched-linux-x86_64 | 1.3.4 | 15.50 | 415.01 | 430.51 | OK | |
r-release-linux-x86_64 | 1.3.4 | 13.59 | 401.99 | 415.58 | OK | |
r-release-macos-arm64 | 1.3.4 | NOTE | ||||
r-release-macos-x86_64 | 1.3.4 | NOTE | ||||
r-release-windows-x86_64 | 1.3.4 | 38.00 | 452.00 | 490.00 | NOTE | |
r-oldrel-macos-arm64 | 1.3.4 | NOTE | ||||
r-oldrel-macos-x86_64 | 1.3.4 | NOTE | ||||
r-oldrel-windows-ix86+x86_64 | 1.3.4 | 33.00 | 672.00 | 705.00 | NOTE |
Version: 1.3.4
Check: installed package size
Result: NOTE
installed size is 5.9Mb
sub-directories of 1Mb or more:
doc 5.2Mb
Flavors: r-devel-linux-x86_64-fedora-clang, r-release-macos-arm64, r-release-macos-x86_64, r-release-windows-x86_64, r-oldrel-macos-arm64, r-oldrel-macos-x86_64, r-oldrel-windows-ix86+x86_64