Last updated on 2022-04-24 03:52:34 CEST.
Flavor | Version | Tinstall | Tcheck | Ttotal | Status | Flags |
---|---|---|---|---|---|---|
r-devel-linux-x86_64-debian-clang | 0.9.7 | 8.90 | 127.34 | 136.24 | OK | |
r-devel-linux-x86_64-debian-gcc | 0.9.7 | 7.04 | 94.42 | 101.46 | OK | |
r-devel-linux-x86_64-fedora-clang | 0.9.7 | 159.88 | NOTE | |||
r-devel-linux-x86_64-fedora-gcc | 0.9.7 | 146.50 | NOTE | |||
r-patched-linux-x86_64 | 0.9.7 | 11.89 | 118.66 | 130.55 | OK | |
r-release-linux-x86_64 | 0.9.7 | 8.06 | 113.13 | 121.19 | OK | |
r-release-macos-arm64 | 0.9.7 | NOTE | ||||
r-release-macos-x86_64 | 0.9.7 | NOTE | ||||
r-release-windows-x86_64 | 0.9.7 | 29.00 | 152.00 | 181.00 | OK | |
r-oldrel-macos-arm64 | 0.9.7 | NOTE | ||||
r-oldrel-macos-x86_64 | 0.9.7 | NOTE | ||||
r-oldrel-windows-ix86+x86_64 | 0.9.7 | 18.00 | 141.00 | 159.00 | OK |
Version: 0.9.7
Check: data for non-ASCII characters
Result: NOTE
Note: found 76102 marked UTF-8 strings
Flavors: r-devel-linux-x86_64-fedora-clang, r-devel-linux-x86_64-fedora-gcc, r-release-macos-arm64, r-release-macos-x86_64, r-oldrel-macos-arm64, r-oldrel-macos-x86_64