Last updated on 2022-04-24 03:52:34 CEST.
Flavor | Version | Tinstall | Tcheck | Ttotal | Status | Flags |
---|---|---|---|---|---|---|
r-devel-linux-x86_64-debian-clang | 0.0.2 | 154.59 | 38.81 | 193.40 | OK | |
r-devel-linux-x86_64-debian-gcc | 0.0.2 | 127.20 | 29.47 | 156.67 | OK | |
r-devel-linux-x86_64-fedora-clang | 0.0.2 | 331.84 | NOTE | |||
r-devel-linux-x86_64-fedora-gcc | 0.0.2 | 242.39 | OK | |||
r-patched-linux-x86_64 | 0.0.2 | 126.24 | 37.59 | 163.83 | OK | |
r-release-linux-x86_64 | 0.0.2 | 130.05 | 36.49 | 166.54 | OK | |
r-release-macos-arm64 | 0.0.2 | NOTE | ||||
r-release-macos-x86_64 | 0.0.2 | NOTE | ||||
r-release-windows-x86_64 | 0.0.2 | 181.00 | 90.00 | 271.00 | OK | |
r-oldrel-macos-arm64 | 0.0.2 | NOTE | ||||
r-oldrel-macos-x86_64 | 0.0.2 | NOTE | ||||
r-oldrel-windows-ix86+x86_64 | 0.0.2 | 389.00 | 85.00 | 474.00 | OK |
Version: 0.0.2
Check: installed package size
Result: NOTE
installed size is 6.8Mb
sub-directories of 1Mb or more:
libs 6.6Mb
Flavors: r-devel-linux-x86_64-fedora-clang, r-release-macos-arm64, r-release-macos-x86_64, r-oldrel-macos-arm64, r-oldrel-macos-x86_64