Last updated on 2022-04-24 03:52:34 CEST.
Flavor | Version | Tinstall | Tcheck | Ttotal | Status | Flags |
---|---|---|---|---|---|---|
r-devel-linux-x86_64-debian-clang | 1.4-1 | 18.77 | 167.78 | 186.55 | OK | |
r-devel-linux-x86_64-debian-gcc | 1.4-1 | 16.73 | 122.96 | 139.69 | OK | |
r-devel-linux-x86_64-fedora-clang | 1.4-1 | 235.65 | NOTE | |||
r-devel-linux-x86_64-fedora-gcc | 1.4-1 | 205.51 | OK | |||
r-patched-linux-x86_64 | 1.4-1 | 19.95 | 159.01 | 178.96 | OK | |
r-release-linux-x86_64 | 1.4-1 | 17.56 | 153.85 | 171.41 | OK | |
r-release-macos-arm64 | 1.4-1 | NOTE | ||||
r-release-macos-x86_64 | 1.4-1 | OK | ||||
r-release-windows-x86_64 | 1.4-1 | 51.00 | 198.00 | 249.00 | OK | |
r-oldrel-macos-arm64 | 1.4-1 | NOTE | ||||
r-oldrel-macos-x86_64 | 1.4-1 | OK | ||||
r-oldrel-windows-ix86+x86_64 | 1.4-1 | 40.00 | 263.00 | 303.00 | OK |
Version: 1.4-1
Check: installed package size
Result: NOTE
installed size is 5.0Mb
sub-directories of 1Mb or more:
data 3.7Mb
Flavors: r-devel-linux-x86_64-fedora-clang, r-release-macos-arm64, r-oldrel-macos-arm64