Last updated on 2022-04-24 03:52:34 CEST.
Flavor | Version | Tinstall | Tcheck | Ttotal | Status | Flags |
---|---|---|---|---|---|---|
r-devel-linux-x86_64-debian-clang | 1.1 | 142.67 | 38.28 | 180.95 | NOTE | |
r-devel-linux-x86_64-debian-gcc | 1.1 | 127.12 | 29.91 | 157.03 | NOTE | |
r-devel-linux-x86_64-fedora-clang | 1.1 | 313.24 | NOTE | |||
r-devel-linux-x86_64-fedora-gcc | 1.1 | 245.22 | NOTE | |||
r-patched-linux-x86_64 | 1.1 | 135.94 | 37.99 | 173.93 | NOTE | |
r-release-linux-x86_64 | 1.1 | 126.48 | 35.62 | 162.10 | NOTE | |
r-release-macos-arm64 | 1.1 | NOTE | ||||
r-release-macos-x86_64 | 1.1 | NOTE | ||||
r-release-windows-x86_64 | 1.1 | 161.00 | 88.00 | 249.00 | NOTE | |
r-oldrel-macos-arm64 | 1.1 | NOTE | ||||
r-oldrel-macos-x86_64 | 1.1 | NOTE | ||||
r-oldrel-windows-ix86+x86_64 | 1.1 | 349.00 | 87.00 | 436.00 | NOTE |
Version: 1.1
Check: LazyData
Result: NOTE
'LazyData' is specified without a 'data' directory
Flavors: r-devel-linux-x86_64-debian-clang, r-devel-linux-x86_64-debian-gcc, r-devel-linux-x86_64-fedora-clang, r-devel-linux-x86_64-fedora-gcc, r-patched-linux-x86_64, r-release-linux-x86_64, r-release-macos-arm64, r-release-macos-x86_64, r-release-windows-x86_64, r-oldrel-macos-arm64, r-oldrel-macos-x86_64, r-oldrel-windows-ix86+x86_64
Version: 1.1
Check: installed package size
Result: NOTE
installed size is 9.3Mb
sub-directories of 1Mb or more:
libs 9.2Mb
Flavors: r-devel-linux-x86_64-fedora-clang, r-release-macos-arm64, r-release-macos-x86_64, r-oldrel-macos-arm64, r-oldrel-macos-x86_64, r-oldrel-windows-ix86+x86_64