Last updated on 2022-04-24 03:52:34 CEST.
Flavor | Version | Tinstall | Tcheck | Ttotal | Status | Flags |
---|---|---|---|---|---|---|
r-devel-linux-x86_64-debian-clang | 0.0.1 | 10.86 | 96.48 | 107.34 | OK | |
r-devel-linux-x86_64-debian-gcc | 0.0.1 | 8.71 | 71.19 | 79.90 | OK | |
r-devel-linux-x86_64-fedora-clang | 0.0.1 | 126.37 | NOTE | |||
r-devel-linux-x86_64-fedora-gcc | 0.0.1 | 112.06 | NOTE | |||
r-patched-linux-x86_64 | 0.0.1 | 7.76 | 90.29 | 98.05 | OK | |
r-release-linux-x86_64 | 0.0.1 | 6.18 | 84.30 | 90.48 | OK | |
r-release-macos-arm64 | 0.0.1 | NOTE | ||||
r-release-macos-x86_64 | 0.0.1 | NOTE | ||||
r-release-windows-x86_64 | 0.0.1 | 15.00 | 112.00 | 127.00 | OK | |
r-oldrel-macos-arm64 | 0.0.1 | NOTE | ||||
r-oldrel-macos-x86_64 | 0.0.1 | NOTE | ||||
r-oldrel-windows-ix86+x86_64 | 0.0.1 | 24.00 | 108.00 | 132.00 | OK |
Version: 0.0.1
Check: data for non-ASCII characters
Result: NOTE
Note: found 7 marked UTF-8 strings
Flavors: r-devel-linux-x86_64-fedora-clang, r-devel-linux-x86_64-fedora-gcc, r-release-macos-arm64, r-release-macos-x86_64, r-oldrel-macos-arm64, r-oldrel-macos-x86_64