Last updated on 2022-04-24 03:52:34 CEST.
Flavor | Version | Tinstall | Tcheck | Ttotal | Status | Flags |
---|---|---|---|---|---|---|
r-devel-linux-x86_64-debian-clang | 2.1 | 16.38 | 124.29 | 140.67 | OK | |
r-devel-linux-x86_64-debian-gcc | 2.1 | 12.80 | 94.36 | 107.16 | OK | |
r-devel-linux-x86_64-fedora-clang | 2.1 | 185.34 | NOTE | |||
r-devel-linux-x86_64-fedora-gcc | 2.1 | 179.02 | OK | |||
r-patched-linux-x86_64 | 2.1 | 15.61 | 120.42 | 136.03 | OK | |
r-release-linux-x86_64 | 2.1 | 13.65 | 99.08 | 112.73 | OK | |
r-release-macos-arm64 | 2.1 | OK | ||||
r-release-macos-x86_64 | 2.1 | OK | ||||
r-release-windows-x86_64 | 2.1 | 16.00 | 122.00 | 138.00 | OK | |
r-oldrel-macos-arm64 | 2.1 | OK | ||||
r-oldrel-macos-x86_64 | 2.1 | OK | ||||
r-oldrel-windows-ix86+x86_64 | 2.1 | 23.00 | 111.00 | 134.00 | OK |
Version: 2.1
Check: Rd cross-references
Result: NOTE
Undeclared package ‘qrNLMM’ in Rd xrefs
Flavor: r-devel-linux-x86_64-fedora-clang