Last updated on 2022-04-24 03:52:34 CEST.
Flavor | Version | Tinstall | Tcheck | Ttotal | Status | Flags |
---|---|---|---|---|---|---|
r-devel-linux-x86_64-debian-clang | 2.0-3 | 17.36 | 140.08 | 157.44 | NOTE | |
r-devel-linux-x86_64-debian-gcc | 2.0-3 | 13.81 | 105.61 | 119.42 | NOTE | |
r-devel-linux-x86_64-fedora-clang | 2.0-3 | 191.44 | NOTE | |||
r-devel-linux-x86_64-fedora-gcc | 2.0-3 | 176.31 | NOTE | |||
r-patched-linux-x86_64 | 2.0-3 | 20.32 | 136.66 | 156.98 | OK | |
r-release-linux-x86_64 | 2.0-3 | 16.04 | 130.12 | 146.16 | OK | |
r-release-macos-arm64 | 2.0-3 | OK | ||||
r-release-macos-x86_64 | 2.0-3 | OK | ||||
r-release-windows-x86_64 | 2.0-3 | 26.00 | 154.00 | 180.00 | OK | |
r-oldrel-macos-arm64 | 2.0-3 | OK | ||||
r-oldrel-macos-x86_64 | 2.0-3 | OK | ||||
r-oldrel-windows-ix86+x86_64 | 2.0-3 | 35.00 | 217.00 | 252.00 | OK |
Version: 2.0-3
Check: Rd files
Result: NOTE
checkRd: (7) file 'predict.qrjoint.Rd': \item in \value must have non-empty label
Flavors: r-devel-linux-x86_64-debian-clang, r-devel-linux-x86_64-debian-gcc, r-devel-linux-x86_64-fedora-clang, r-devel-linux-x86_64-fedora-gcc