Last updated on 2022-04-24 03:52:34 CEST.
Flavor | Version | Tinstall | Tcheck | Ttotal | Status | Flags |
---|---|---|---|---|---|---|
r-devel-linux-x86_64-debian-clang | 2019-12-03-1 | 3.30 | 56.28 | 59.58 | OK | |
r-devel-linux-x86_64-debian-gcc | 2019-12-03-1 | 2.47 | 43.34 | 45.81 | OK | |
r-devel-linux-x86_64-fedora-clang | 2019-12-03-1 | 71.13 | NOTE | |||
r-devel-linux-x86_64-fedora-gcc | 2019-12-03-1 | 58.87 | OK | |||
r-patched-linux-x86_64 | 2019-12-03-1 | 4.25 | 54.23 | 58.48 | OK | |
r-release-linux-x86_64 | 2019-12-03-1 | 2.86 | 52.30 | 55.16 | OK | |
r-release-macos-arm64 | 2019-12-03-1 | NOTE | ||||
r-release-macos-x86_64 | 2019-12-03-1 | NOTE | ||||
r-release-windows-x86_64 | 2019-12-03-1 | 14.00 | 79.00 | 93.00 | NOTE | |
r-oldrel-macos-arm64 | 2019-12-03-1 | NOTE | ||||
r-oldrel-macos-x86_64 | 2019-12-03-1 | NOTE | ||||
r-oldrel-windows-ix86+x86_64 | 2019-12-03-1 | 6.00 | 68.00 | 74.00 | NOTE |
Version: 2019-12-03-1
Check: installed package size
Result: NOTE
installed size is 11.0Mb
sub-directories of 1Mb or more:
data 10.8Mb
Flavors: r-devel-linux-x86_64-fedora-clang, r-release-macos-arm64, r-release-macos-x86_64, r-release-windows-x86_64, r-oldrel-macos-arm64, r-oldrel-macos-x86_64, r-oldrel-windows-ix86+x86_64