Last updated on 2022-04-24 03:52:34 CEST.
Flavor | Version | Tinstall | Tcheck | Ttotal | Status | Flags |
---|---|---|---|---|---|---|
r-devel-linux-x86_64-debian-clang | 0.2.3 | 5.96 | 68.92 | 74.88 | OK | |
r-devel-linux-x86_64-debian-gcc | 0.2.3 | 4.62 | 51.12 | 55.74 | OK | |
r-devel-linux-x86_64-fedora-clang | 0.2.3 | 87.38 | NOTE | |||
r-devel-linux-x86_64-fedora-gcc | 0.2.3 | 74.46 | NOTE | |||
r-patched-linux-x86_64 | 0.2.3 | 5.71 | 63.42 | 69.13 | OK | |
r-release-linux-x86_64 | 0.2.3 | 4.01 | 60.61 | 64.62 | OK | |
r-release-macos-arm64 | 0.2.3 | NOTE | ||||
r-release-macos-x86_64 | 0.2.3 | NOTE | ||||
r-release-windows-x86_64 | 0.2.3 | 13.00 | 85.00 | 98.00 | OK | |
r-oldrel-macos-arm64 | 0.2.3 | NOTE | ||||
r-oldrel-macos-x86_64 | 0.2.3 | NOTE | ||||
r-oldrel-windows-ix86+x86_64 | 0.2.3 | 14.00 | 74.00 | 88.00 | OK |
Version: 0.2.3
Check: data for non-ASCII characters
Result: NOTE
Note: found 6 marked UTF-8 strings
Flavors: r-devel-linux-x86_64-fedora-clang, r-devel-linux-x86_64-fedora-gcc, r-release-macos-arm64, r-release-macos-x86_64, r-oldrel-macos-arm64, r-oldrel-macos-x86_64