Last updated on 2022-04-24 03:52:34 CEST.
Flavor | Version | Tinstall | Tcheck | Ttotal | Status | Flags |
---|---|---|---|---|---|---|
r-devel-linux-x86_64-debian-clang | 1.50 | 87.93 | 409.01 | 496.94 | OK | |
r-devel-linux-x86_64-debian-gcc | 1.50 | 70.37 | 289.22 | 359.59 | OK | |
r-devel-linux-x86_64-fedora-clang | 1.50 | 601.45 | NOTE | |||
r-devel-linux-x86_64-fedora-gcc | 1.50 | 569.82 | OK | |||
r-patched-linux-x86_64 | 1.50 | 84.58 | 387.70 | 472.28 | OK | |
r-release-linux-x86_64 | 1.50 | 73.77 | 383.66 | 457.43 | OK | |
r-release-macos-arm64 | 1.50 | NOTE | ||||
r-release-macos-x86_64 | 1.50 | NOTE | ||||
r-release-windows-x86_64 | 1.50 | 281.00 | 409.00 | 690.00 | NOTE | |
r-oldrel-macos-arm64 | 1.50 | NOTE | ||||
r-oldrel-macos-x86_64 | 1.50 | NOTE | ||||
r-oldrel-windows-ix86+x86_64 | 1.50 | 177.00 | 582.00 | 759.00 | NOTE |
Version: 1.50
Check: installed package size
Result: NOTE
installed size is 11.4Mb
sub-directories of 1Mb or more:
R 1.7Mb
contrib 3.8Mb
doc 3.0Mb
libs 1.4Mb
Flavors: r-devel-linux-x86_64-fedora-clang, r-release-macos-arm64, r-release-macos-x86_64, r-release-windows-x86_64, r-oldrel-macos-arm64, r-oldrel-macos-x86_64, r-oldrel-windows-ix86+x86_64