Last updated on 2022-04-24 03:52:34 CEST.
Flavor | Version | Tinstall | Tcheck | Ttotal | Status | Flags |
---|---|---|---|---|---|---|
r-devel-linux-x86_64-debian-clang | 0.28 | 824.15 | 249.04 | 1073.19 | OK | |
r-devel-linux-x86_64-debian-gcc | 0.28 | 638.78 | 185.73 | 824.51 | OK | |
r-devel-linux-x86_64-fedora-clang | 0.28 | 1604.80 | NOTE | |||
r-devel-linux-x86_64-fedora-gcc | 0.28 | 1362.82 | OK | |||
r-patched-linux-x86_64 | 0.28 | 677.95 | 239.70 | 917.65 | OK | |
r-release-linux-x86_64 | 0.28 | 700.57 | 236.73 | 937.30 | OK | |
r-release-macos-arm64 | 0.28 | NOTE | ||||
r-release-macos-x86_64 | 0.28 | NOTE | ||||
r-release-windows-x86_64 | 0.28 | 640.00 | 319.00 | 959.00 | NOTE | |
r-oldrel-macos-arm64 | 0.28 | NOTE | ||||
r-oldrel-macos-x86_64 | 0.28 | NOTE | ||||
r-oldrel-windows-ix86+x86_64 | 0.28 | 1890.00 | 452.00 | 2342.00 | NOTE |
Version: 0.28
Check: installed package size
Result: NOTE
installed size is 38.3Mb
sub-directories of 1Mb or more:
extdata 3.3Mb
libs 33.7Mb
Flavors: r-devel-linux-x86_64-fedora-clang, r-release-macos-arm64, r-release-macos-x86_64, r-release-windows-x86_64, r-oldrel-macos-arm64, r-oldrel-macos-x86_64, r-oldrel-windows-ix86+x86_64