Last updated on 2022-04-24 03:52:34 CEST.
Flavor | Version | Tinstall | Tcheck | Ttotal | Status | Flags |
---|---|---|---|---|---|---|
r-devel-linux-x86_64-debian-clang | 1.4.3 | 85.60 | 130.26 | 215.86 | NOTE | |
r-devel-linux-x86_64-debian-gcc | 1.4.3 | 72.86 | 94.35 | 167.21 | NOTE | |
r-devel-linux-x86_64-fedora-clang | 1.4.3 | 316.92 | NOTE | |||
r-devel-linux-x86_64-fedora-gcc | 1.4.3 | 282.27 | NOTE | |||
r-patched-linux-x86_64 | 1.4.3 | 82.51 | 126.50 | 209.01 | NOTE | |
r-release-linux-x86_64 | 1.4.3 | 76.86 | 122.28 | 199.14 | NOTE | |
r-release-macos-arm64 | 1.4.3 | NOTE | ||||
r-release-macos-x86_64 | 1.4.3 | NOTE | ||||
r-release-windows-x86_64 | 1.4.3 | 91.00 | 171.00 | 262.00 | NOTE | |
r-oldrel-macos-arm64 | 1.4.3 | NOTE | ||||
r-oldrel-macos-x86_64 | 1.4.3 | NOTE | ||||
r-oldrel-windows-ix86+x86_64 | 1.4.3 | 193.00 | 266.00 | 459.00 | NOTE |
Version: 1.4.3
Check: LazyData
Result: NOTE
'LazyData' is specified without a 'data' directory
Flavors: r-devel-linux-x86_64-debian-clang, r-devel-linux-x86_64-debian-gcc, r-devel-linux-x86_64-fedora-clang, r-devel-linux-x86_64-fedora-gcc, r-patched-linux-x86_64, r-release-linux-x86_64, r-release-macos-arm64, r-release-macos-x86_64, r-release-windows-x86_64, r-oldrel-macos-arm64, r-oldrel-macos-x86_64, r-oldrel-windows-ix86+x86_64
Version: 1.4.3
Check: installed package size
Result: NOTE
installed size is 14.3Mb
sub-directories of 1Mb or more:
libs 14.0Mb
Flavors: r-devel-linux-x86_64-fedora-clang, r-release-macos-arm64, r-release-macos-x86_64, r-oldrel-macos-arm64, r-oldrel-macos-x86_64