Last updated on 2022-04-24 03:52:34 CEST.
Flavor | Version | Tinstall | Tcheck | Ttotal | Status | Flags |
---|---|---|---|---|---|---|
r-devel-linux-x86_64-debian-clang | 0.16 | 3.25 | 56.96 | 60.21 | OK | |
r-devel-linux-x86_64-debian-gcc | 0.16 | 3.86 | 43.00 | 46.86 | OK | |
r-devel-linux-x86_64-fedora-clang | 0.16 | 75.27 | OK | |||
r-devel-linux-x86_64-fedora-gcc | 0.16 | 62.16 | OK | |||
r-patched-linux-x86_64 | 0.16 | 5.60 | 55.13 | 60.73 | OK | |
r-release-linux-x86_64 | 0.16 | 4.45 | 52.18 | 56.63 | OK | |
r-release-macos-arm64 | 0.16 | OK | ||||
r-release-macos-x86_64 | 0.16 | WARN | --as-cran | |||
r-release-windows-x86_64 | 0.16 | 191.00 | 74.00 | 265.00 | OK | |
r-oldrel-macos-arm64 | 0.16 | OK | ||||
r-oldrel-macos-x86_64 | 0.16 | WARN | --as-cran | |||
r-oldrel-windows-ix86+x86_64 | 0.16 | 9.00 | 65.00 | 74.00 | OK |
Version: 0.16
Flags: --as-cran
Check: CRAN incoming feasibility
Result: WARN
Maintainer: ‘Karl W Broman <broman@wisc.edu>’
Insufficient package version (submitted: 0.16, existing: 0.16)
Days since last update: 1
Flavors: r-release-macos-x86_64, r-oldrel-macos-x86_64
Version: 0.16
Flags: --as-cran
Check: top-level files
Result: WARN
A complete check needs the 'checkbashisms' script.
See section ‘Configure and cleanup’ in the ‘Writing R Extensions’
manual.
Files ‘README.md’ or ‘NEWS.md’ cannot be checked without ‘pandoc’ being installed.
Flavors: r-release-macos-x86_64, r-oldrel-macos-x86_64