Last updated on 2022-04-24 03:52:34 CEST.
Flavor | Version | Tinstall | Tcheck | Ttotal | Status | Flags |
---|---|---|---|---|---|---|
r-devel-linux-x86_64-debian-clang | 0.2.3 | 85.63 | 170.05 | 255.68 | OK | |
r-devel-linux-x86_64-debian-gcc | 0.2.3 | 77.62 | 123.60 | 201.22 | OK | |
r-devel-linux-x86_64-fedora-clang | 0.2.3 | 335.07 | NOTE | |||
r-devel-linux-x86_64-fedora-gcc | 0.2.3 | 302.41 | OK | |||
r-patched-linux-x86_64 | 0.2.3 | 73.07 | 155.61 | 228.68 | OK | |
r-release-linux-x86_64 | 0.2.3 | 81.72 | 147.92 | 229.64 | OK | |
r-release-macos-arm64 | 0.2.3 | NOTE | ||||
r-release-macos-x86_64 | 0.2.3 | NOTE | ||||
r-release-windows-x86_64 | 0.2.3 | 79.00 | 193.00 | 272.00 | OK | |
r-oldrel-macos-arm64 | 0.2.3 | NOTE | ||||
r-oldrel-macos-x86_64 | 0.2.3 | NOTE | ||||
r-oldrel-windows-ix86+x86_64 | 0.2.3 | 172.00 | 227.00 | 399.00 | OK |
Version: 0.2.3
Check: installed package size
Result: NOTE
installed size is 5.2Mb
sub-directories of 1Mb or more:
libs 4.3Mb
Flavors: r-devel-linux-x86_64-fedora-clang, r-release-macos-arm64, r-release-macos-x86_64, r-oldrel-macos-arm64, r-oldrel-macos-x86_64