Last updated on 2022-04-24 03:52:34 CEST.
Flavor | Version | Tinstall | Tcheck | Ttotal | Status | Flags |
---|---|---|---|---|---|---|
r-devel-linux-x86_64-debian-clang | 1.0 | 2.32 | 31.83 | 34.15 | NOTE | |
r-devel-linux-x86_64-debian-gcc | 1.0 | 1.53 | 24.88 | 26.41 | NOTE | |
r-devel-linux-x86_64-fedora-clang | 1.0 | 43.64 | NOTE | |||
r-devel-linux-x86_64-fedora-gcc | 1.0 | 31.55 | NOTE | |||
r-patched-linux-x86_64 | 1.0 | 1.99 | 31.21 | 33.20 | NOTE | |
r-release-linux-x86_64 | 1.0 | 1.86 | 31.01 | 32.87 | NOTE | |
r-release-macos-arm64 | 1.0 | NOTE | ||||
r-release-macos-x86_64 | 1.0 | NOTE | ||||
r-release-windows-x86_64 | 1.0 | 14.00 | 47.00 | 61.00 | NOTE | |
r-oldrel-macos-arm64 | 1.0 | NOTE | ||||
r-oldrel-macos-x86_64 | 1.0 | NOTE | ||||
r-oldrel-windows-ix86+x86_64 | 1.0 | 5.00 | 40.00 | 45.00 | NOTE |
Version: 1.0
Check: R code for possible problems
Result: NOTE
quadp: no visible global function definition for 'var'
Undefined global functions or variables:
var
Consider adding
importFrom("stats", "var")
to your NAMESPACE file.
Flavors: r-devel-linux-x86_64-debian-clang, r-devel-linux-x86_64-debian-gcc, r-devel-linux-x86_64-fedora-clang, r-devel-linux-x86_64-fedora-gcc, r-patched-linux-x86_64, r-release-linux-x86_64, r-release-macos-arm64, r-release-macos-x86_64, r-release-windows-x86_64, r-oldrel-macos-arm64, r-oldrel-macos-x86_64, r-oldrel-windows-ix86+x86_64