Last updated on 2022-04-24 03:52:34 CEST.
Flavor | Version | Tinstall | Tcheck | Ttotal | Status | Flags |
---|---|---|---|---|---|---|
r-devel-linux-x86_64-debian-clang | 0.5.0 | 31.76 | 305.42 | 337.18 | OK | |
r-devel-linux-x86_64-debian-gcc | 0.5.0 | 22.97 | 229.17 | 252.14 | OK | |
r-devel-linux-x86_64-fedora-clang | 0.5.0 | 443.33 | NOTE | |||
r-devel-linux-x86_64-fedora-gcc | 0.5.0 | 417.67 | NOTE | |||
r-patched-linux-x86_64 | 0.5.0 | 30.20 | 294.37 | 324.57 | OK | |
r-release-linux-x86_64 | 0.5.0 | 23.60 | 277.70 | 301.30 | OK | |
r-release-macos-arm64 | 0.5.0 | NOTE | ||||
r-release-macos-x86_64 | 0.5.0 | NOTE | ||||
r-release-windows-x86_64 | 0.5.0 | 50.00 | 294.00 | 344.00 | OK | |
r-oldrel-macos-arm64 | 0.5.0 | NOTE | ||||
r-oldrel-macos-x86_64 | 0.5.0 | NOTE | ||||
r-oldrel-windows-ix86+x86_64 | 0.5.0 | 61.00 | 310.00 | 371.00 | OK |
Version: 0.5.0
Check: dependencies in R code
Result: NOTE
Namespace in Imports field not imported from: ‘viridis’
All declared Imports should be used.
Flavors: r-devel-linux-x86_64-fedora-clang, r-devel-linux-x86_64-fedora-gcc, r-release-macos-arm64, r-release-macos-x86_64, r-oldrel-macos-arm64, r-oldrel-macos-x86_64
Version: 0.5.0
Check: Rd cross-references
Result: NOTE
Undeclared package ‘rgl’ in Rd xrefs
Flavor: r-devel-linux-x86_64-fedora-clang