Last updated on 2022-04-24 03:52:34 CEST.
Flavor | Version | Tinstall | Tcheck | Ttotal | Status | Flags |
---|---|---|---|---|---|---|
r-devel-linux-x86_64-debian-clang | 0.2-8 | 122.23 | 207.34 | 329.57 | OK | |
r-devel-linux-x86_64-debian-gcc | 0.2-8 | 103.40 | 144.38 | 247.78 | OK | |
r-devel-linux-x86_64-fedora-clang | 0.2-8 | 397.78 | NOTE | |||
r-devel-linux-x86_64-fedora-gcc | 0.2-8 | 396.36 | OK | |||
r-patched-linux-x86_64 | 0.2-8 | 113.34 | 192.60 | 305.94 | OK | |
r-release-linux-x86_64 | 0.2-8 | 106.14 | 179.73 | 285.87 | OK | |
r-release-macos-arm64 | 0.2-8 | NOTE | ||||
r-release-macos-x86_64 | 0.2-8 | NOTE | ||||
r-release-windows-x86_64 | 0.2-8 | 109.00 | 223.00 | 332.00 | OK | |
r-oldrel-macos-arm64 | 0.2-8 | NOTE | ||||
r-oldrel-macos-x86_64 | 0.2-8 | NOTE | ||||
r-oldrel-windows-ix86+x86_64 | 0.2-8 | 285.00 | 363.00 | 648.00 | OK |
Version: 0.2-8
Check: installed package size
Result: NOTE
installed size is 6.8Mb
sub-directories of 1Mb or more:
libs 6.3Mb
Flavors: r-devel-linux-x86_64-fedora-clang, r-release-macos-arm64, r-release-macos-x86_64, r-oldrel-macos-arm64, r-oldrel-macos-x86_64