Last updated on 2022-04-24 03:52:34 CEST.
Flavor | Version | Tinstall | Tcheck | Ttotal | Status | Flags |
---|---|---|---|---|---|---|
r-devel-linux-x86_64-debian-clang | 0.1.9 | 123.33 | 383.58 | 506.91 | WARN | |
r-devel-linux-x86_64-debian-gcc | 0.1.9 | 94.43 | 282.15 | 376.58 | OK | |
r-devel-linux-x86_64-fedora-clang | 0.1.9 | 636.70 | WARN | |||
r-devel-linux-x86_64-fedora-gcc | 0.1.9 | 600.51 | OK | |||
r-patched-linux-x86_64 | 0.1.9 | 101.27 | 362.39 | 463.66 | OK | |
r-release-linux-x86_64 | 0.1.9 | 101.45 | 365.19 | 466.64 | OK | |
r-release-macos-arm64 | 0.1.9 | NOTE | ||||
r-release-macos-x86_64 | 0.1.9 | NOTE | ||||
r-release-windows-x86_64 | 0.1.9 | 157.00 | 419.00 | 576.00 | OK | |
r-oldrel-macos-arm64 | 0.1.9 | NOTE | ||||
r-oldrel-macos-x86_64 | 0.1.9 | NOTE | ||||
r-oldrel-windows-ix86+x86_64 | 0.1.9 | 263.00 | 573.00 | 836.00 | NOTE |
Version: 0.1.9
Check: whether package can be installed
Result: WARN
Found the following significant warnings:
Quadtree.cpp:298:9: warning: use of bitwise '|' with boolean operands [-Wbitwise-instead-of-logical]
Flavors: r-devel-linux-x86_64-debian-clang, r-devel-linux-x86_64-fedora-clang
Version: 0.1.9
Check: installed package size
Result: NOTE
installed size is 8.7Mb
sub-directories of 1Mb or more:
doc 1.7Mb
libs 6.0Mb
Flavors: r-devel-linux-x86_64-fedora-clang, r-release-macos-arm64, r-release-macos-x86_64, r-oldrel-macos-arm64, r-oldrel-macos-x86_64, r-oldrel-windows-ix86+x86_64