Last updated on 2022-04-24 03:52:34 CEST.
| Flavor | Version | Tinstall | Tcheck | Ttotal | Status | Flags | 
|---|---|---|---|---|---|---|
| r-devel-linux-x86_64-debian-clang | 3.2.1 | 226.05 | 306.83 | 532.88 | OK | |
| r-devel-linux-x86_64-debian-gcc | 3.2.1 | 192.42 | 227.38 | 419.80 | OK | |
| r-devel-linux-x86_64-fedora-clang | 3.2.1 | 757.80 | NOTE | |||
| r-devel-linux-x86_64-fedora-gcc | 3.2.1 | 723.08 | NOTE | |||
| r-patched-linux-x86_64 | 3.2.1 | 202.91 | 292.51 | 495.42 | OK | |
| r-release-linux-x86_64 | 3.2.1 | 214.07 | 277.82 | 491.89 | OK | |
| r-release-macos-arm64 | 3.2.1 | NOTE | ||||
| r-release-macos-x86_64 | 3.2.1 | NOTE | ||||
| r-release-windows-x86_64 | 3.2.1 | 413.00 | 372.00 | 785.00 | OK | |
| r-oldrel-macos-arm64 | 3.2.1 | NOTE | ||||
| r-oldrel-macos-x86_64 | 3.2.1 | NOTE | ||||
| r-oldrel-windows-ix86+x86_64 | 3.2.1 | 550.00 | 564.00 | 1114.00 | NOTE | 
Version: 3.2.1
Check: installed package size
Result: NOTE
      installed size is  8.9Mb
      sub-directories of 1Mb or more:
        libs   6.1Mb
Flavors: r-devel-linux-x86_64-fedora-clang, r-release-macos-arm64, r-release-macos-x86_64, r-oldrel-macos-arm64, r-oldrel-macos-x86_64, r-oldrel-windows-ix86+x86_64
Version: 3.2.1
Check: data for non-ASCII characters
Result: NOTE
      Note: found 4 marked UTF-8 strings
Flavors: r-devel-linux-x86_64-fedora-clang, r-devel-linux-x86_64-fedora-gcc, r-release-macos-arm64, r-release-macos-x86_64, r-oldrel-macos-arm64, r-oldrel-macos-x86_64