Last updated on 2022-04-24 03:52:34 CEST.
Flavor | Version | Tinstall | Tcheck | Ttotal | Status | Flags |
---|---|---|---|---|---|---|
r-devel-linux-x86_64-debian-clang | 0.95 | 103.44 | 174.93 | 278.37 | OK | |
r-devel-linux-x86_64-debian-gcc | 0.95 | 81.34 | 129.81 | 211.15 | OK | |
r-devel-linux-x86_64-fedora-clang | 0.95 | 375.05 | OK | |||
r-devel-linux-x86_64-fedora-gcc | 0.95 | 348.34 | OK | |||
r-patched-linux-x86_64 | 0.95 | 95.99 | 167.05 | 263.04 | OK | |
r-release-linux-x86_64 | 0.95 | 88.44 | 155.48 | 243.92 | OK | |
r-release-macos-arm64 | 0.95 | NOTE | ||||
r-release-macos-x86_64 | 0.95 | OK | ||||
r-release-windows-x86_64 | 0.95 | 292.00 | 207.00 | 499.00 | OK | |
r-oldrel-macos-arm64 | 0.95 | NOTE | ||||
r-oldrel-macos-x86_64 | 0.95 | OK | ||||
r-oldrel-windows-ix86+x86_64 | 0.95 | 232.00 | 310.00 | 542.00 | OK |
Version: 0.95
Check: installed package size
Result: NOTE
installed size is 5.6Mb
sub-directories of 1Mb or more:
libs 5.1Mb
Flavors: r-release-macos-arm64, r-oldrel-macos-arm64