Last updated on 2022-04-24 03:52:34 CEST.
Flavor | Version | Tinstall | Tcheck | Ttotal | Status | Flags |
---|---|---|---|---|---|---|
r-devel-linux-x86_64-debian-clang | 0.4.18 | 14.43 | 101.06 | 115.49 | NOTE | |
r-devel-linux-x86_64-debian-gcc | 0.4.18 | 13.71 | 75.63 | 89.34 | NOTE | |
r-devel-linux-x86_64-fedora-clang | 0.4.18 | 144.80 | OK | |||
r-devel-linux-x86_64-fedora-gcc | 0.4.18 | 128.99 | OK | |||
r-patched-linux-x86_64 | 0.4.18 | 13.18 | 97.73 | 110.91 | NOTE | |
r-release-linux-x86_64 | 0.4.18 | 13.72 | 94.85 | 108.57 | NOTE | |
r-release-macos-arm64 | 0.4.18 | OK | ||||
r-release-macos-x86_64 | 0.4.18 | OK | ||||
r-release-windows-x86_64 | 0.4.18 | 112.00 | 109.00 | 221.00 | OK | |
r-oldrel-macos-arm64 | 0.4.18 | OK | ||||
r-oldrel-macos-x86_64 | 0.4.18 | OK | ||||
r-oldrel-windows-ix86+x86_64 | 0.4.18 | 31.00 | 104.00 | 135.00 | OK |
Version: 0.4.18
Check: R code for possible problems
Result: NOTE
Found the following calls to attach():
File 'quantmod/R/attachSymbols.R':
attach(NULL, pos = pos, name = DB$name)
attach(NULL, pos = pos, name = DB$name)
See section 'Good practice' in '?attach'.
Flavors: r-devel-linux-x86_64-debian-clang, r-devel-linux-x86_64-debian-gcc, r-patched-linux-x86_64, r-release-linux-x86_64