Last updated on 2022-04-24 03:52:34 CEST.
Flavor | Version | Tinstall | Tcheck | Ttotal | Status | Flags |
---|---|---|---|---|---|---|
r-devel-linux-x86_64-debian-clang | 1.1 | 3.13 | 48.45 | 51.58 | OK | |
r-devel-linux-x86_64-debian-gcc | 1.1 | 3.23 | 37.08 | 40.31 | OK | |
r-devel-linux-x86_64-fedora-clang | 1.1 | 65.00 | OK | |||
r-devel-linux-x86_64-fedora-gcc | 1.1 | 51.51 | OK | |||
r-patched-linux-x86_64 | 1.1 | 4.68 | 47.27 | 51.95 | OK | |
r-release-linux-x86_64 | 1.1 | 4.06 | 45.54 | 49.60 | OK | |
r-release-macos-arm64 | 1.1 | OK | ||||
r-release-macos-x86_64 | 1.1 | WARN | --as-cran | |||
r-release-windows-x86_64 | 1.1 | 21.00 | 66.00 | 87.00 | OK | |
r-oldrel-macos-arm64 | 1.1 | OK | ||||
r-oldrel-macos-x86_64 | 1.1 | WARN | --as-cran | |||
r-oldrel-windows-ix86+x86_64 | 1.1 | 10.00 | 57.00 | 67.00 | OK |
Version: 1.1
Flags: --as-cran
Check: CRAN incoming feasibility
Result: WARN
Maintainer: ‘JJ Allaire <jj@rstudio.com>’
Insufficient package version (submitted: 1.1, existing: 1.1)
Days since last update: 1
Flavors: r-release-macos-x86_64, r-oldrel-macos-x86_64
Version: 1.1
Flags: --as-cran
Check: top-level files
Result: NOTE
Files ‘README.md’ or ‘NEWS.md’ cannot be checked without ‘pandoc’ being installed.
Flavors: r-release-macos-x86_64, r-oldrel-macos-x86_64