Last updated on 2022-04-24 03:52:34 CEST.
Flavor | Version | Tinstall | Tcheck | Ttotal | Status | Flags |
---|---|---|---|---|---|---|
r-devel-linux-x86_64-debian-clang | 1.1.0 | 30.61 | 86.63 | 117.24 | WARN | |
r-devel-linux-x86_64-debian-gcc | 1.1.0 | 27.10 | 64.17 | 91.27 | OK | |
r-devel-linux-x86_64-fedora-clang | 1.1.0 | 155.05 | WARN | |||
r-devel-linux-x86_64-fedora-gcc | 1.1.0 | 134.44 | OK | |||
r-patched-linux-x86_64 | 1.1.0 | 27.14 | 81.57 | 108.71 | OK | |
r-release-linux-x86_64 | 1.1.0 | 29.19 | 79.45 | 108.64 | OK | |
r-release-macos-arm64 | 1.1.0 | OK | ||||
r-release-macos-x86_64 | 1.1.0 | OK | ||||
r-release-windows-x86_64 | 1.1.0 | 82.00 | 125.00 | 207.00 | OK | |
r-oldrel-macos-arm64 | 1.1.0 | OK | ||||
r-oldrel-macos-x86_64 | 1.1.0 | OK | ||||
r-oldrel-windows-ix86+x86_64 | 1.1.0 | 82.00 | 142.00 | 224.00 | OK |
Version: 1.1.0
Check: whether package can be installed
Result: WARN
Found the following significant warnings:
loops.cpp:69:9: warning: use of bitwise '|' with boolean operands [-Wbitwise-instead-of-logical]
Flavors: r-devel-linux-x86_64-debian-clang, r-devel-linux-x86_64-fedora-clang