Last updated on 2022-04-24 03:52:34 CEST.
Flavor | Version | Tinstall | Tcheck | Ttotal | Status | Flags |
---|---|---|---|---|---|---|
r-devel-linux-x86_64-debian-clang | 1.5.0 | 7.40 | 105.24 | 112.64 | OK | |
r-devel-linux-x86_64-debian-gcc | 1.5.0 | 5.94 | 77.08 | 83.02 | OK | |
r-devel-linux-x86_64-fedora-clang | 1.5.0 | 133.48 | NOTE | |||
r-devel-linux-x86_64-fedora-gcc | 1.5.0 | 115.57 | NOTE | |||
r-patched-linux-x86_64 | 1.5.0 | 4.61 | 96.52 | 101.13 | OK | |
r-release-linux-x86_64 | 1.5.0 | 6.47 | 92.37 | 98.84 | OK | |
r-release-macos-arm64 | 1.5.0 | NOTE | ||||
r-release-macos-x86_64 | 1.5.0 | NOTE | ||||
r-release-windows-x86_64 | 1.5.0 | 14.00 | 117.00 | 131.00 | OK | |
r-oldrel-macos-arm64 | 1.5.0 | NOTE | ||||
r-oldrel-macos-x86_64 | 1.5.0 | NOTE | ||||
r-oldrel-windows-ix86+x86_64 | 1.5.0 | 18.00 | 118.00 | 136.00 | OK |
Version: 1.5.0
Check: dependencies in R code
Result: NOTE
Namespace in Imports field not imported from: ‘psych’
All declared Imports should be used.
Flavors: r-devel-linux-x86_64-fedora-clang, r-devel-linux-x86_64-fedora-gcc, r-release-macos-arm64, r-release-macos-x86_64, r-oldrel-macos-arm64, r-oldrel-macos-x86_64
Version: 1.5.0
Check: Rd cross-references
Result: NOTE
Undeclared package ‘PredictABEL’ in Rd xrefs
Flavor: r-devel-linux-x86_64-fedora-clang