Last updated on 2022-04-24 03:52:34 CEST.
Flavor | Version | Tinstall | Tcheck | Ttotal | Status | Flags |
---|---|---|---|---|---|---|
r-devel-linux-x86_64-debian-clang | 0.1.3 | 2.33 | 30.35 | 32.68 | NOTE | |
r-devel-linux-x86_64-debian-gcc | 0.1.3 | 1.89 | 23.76 | 25.65 | NOTE | |
r-devel-linux-x86_64-fedora-clang | 0.1.3 | 41.25 | NOTE | |||
r-devel-linux-x86_64-fedora-gcc | 0.1.3 | 29.42 | NOTE | |||
r-patched-linux-x86_64 | 0.1.3 | 2.55 | 29.88 | 32.43 | NOTE | |
r-release-linux-x86_64 | 0.1.3 | 2.15 | 29.32 | 31.47 | NOTE | |
r-release-macos-arm64 | 0.1.3 | NOTE | ||||
r-release-macos-x86_64 | 0.1.3 | NOTE | ||||
r-release-windows-x86_64 | 0.1.3 | 20.00 | 47.00 | 67.00 | NOTE | |
r-oldrel-macos-arm64 | 0.1.3 | NOTE | ||||
r-oldrel-macos-x86_64 | 0.1.3 | NOTE | ||||
r-oldrel-windows-ix86+x86_64 | 0.1.3 | 7.00 | 33.00 | 40.00 | NOTE |
Version: 0.1.3
Check: LazyData
Result: NOTE
'LazyData' is specified without a 'data' directory
Flavors: r-devel-linux-x86_64-debian-clang, r-devel-linux-x86_64-debian-gcc, r-devel-linux-x86_64-fedora-clang, r-devel-linux-x86_64-fedora-gcc, r-patched-linux-x86_64, r-release-linux-x86_64, r-release-macos-arm64, r-release-macos-x86_64, r-release-windows-x86_64, r-oldrel-macos-arm64, r-oldrel-macos-x86_64, r-oldrel-windows-ix86+x86_64