Last updated on 2022-04-24 03:52:35 CEST.
Flavor | Version | Tinstall | Tcheck | Ttotal | Status | Flags |
---|---|---|---|---|---|---|
r-devel-linux-x86_64-debian-clang | 0.1 | 4.51 | 69.57 | 74.08 | NOTE | |
r-devel-linux-x86_64-debian-gcc | 0.1 | 5.44 | 72.28 | 77.72 | NOTE | |
r-devel-linux-x86_64-fedora-clang | 0.1 | 119.17 | NOTE | |||
r-devel-linux-x86_64-fedora-gcc | 0.1 | 101.88 | NOTE | |||
r-patched-linux-x86_64 | 0.1 | 5.62 | 86.21 | 91.83 | NOTE | |
r-release-linux-x86_64 | 0.1 | 4.87 | 83.81 | 88.68 | NOTE | |
r-release-macos-arm64 | 0.1 | NOTE | ||||
r-release-macos-x86_64 | 0.1 | NOTE | ||||
r-release-windows-x86_64 | 0.1 | 24.00 | 119.00 | 143.00 | NOTE | |
r-oldrel-macos-arm64 | 0.1 | NOTE | ||||
r-oldrel-macos-x86_64 | 0.1 | NOTE | ||||
r-oldrel-windows-ix86+x86_64 | 0.1 | 12.00 | 78.00 | 90.00 | NOTE |
Version: 0.1
Check: LazyData
Result: NOTE
'LazyData' is specified without a 'data' directory
Flavors: r-devel-linux-x86_64-debian-clang, r-devel-linux-x86_64-debian-gcc, r-devel-linux-x86_64-fedora-clang, r-devel-linux-x86_64-fedora-gcc, r-patched-linux-x86_64, r-release-linux-x86_64, r-release-macos-arm64, r-release-macos-x86_64, r-release-windows-x86_64, r-oldrel-macos-arm64, r-oldrel-macos-x86_64, r-oldrel-windows-ix86+x86_64
Version: 0.1
Check: installed package size
Result: NOTE
installed size is 5.0Mb
Flavor: r-devel-linux-x86_64-fedora-clang
Version: 0.1
Check: dependencies in R code
Result: NOTE
Namespace in Imports field not imported from: ‘utils’
All declared Imports should be used.
Flavors: r-devel-linux-x86_64-fedora-clang, r-devel-linux-x86_64-fedora-gcc, r-release-macos-arm64, r-release-macos-x86_64, r-oldrel-macos-arm64, r-oldrel-macos-x86_64