Last updated on 2022-04-24 03:52:35 CEST.
Flavor | Version | Tinstall | Tcheck | Ttotal | Status | Flags |
---|---|---|---|---|---|---|
r-devel-linux-x86_64-debian-clang | 0.2.2 | 3.22 | 39.03 | 42.25 | OK | |
r-devel-linux-x86_64-debian-gcc | 0.2.2 | 2.51 | 30.82 | 33.33 | OK | |
r-devel-linux-x86_64-fedora-clang | 0.2.2 | 52.14 | NOTE | |||
r-devel-linux-x86_64-fedora-gcc | 0.2.2 | 40.29 | NOTE | |||
r-patched-linux-x86_64 | 0.2.2 | 2.55 | 37.74 | 40.29 | OK | |
r-release-linux-x86_64 | 0.2.2 | 2.55 | 37.16 | 39.71 | OK | |
r-release-macos-arm64 | 0.2.2 | NOTE | ||||
r-release-macos-x86_64 | 0.2.2 | NOTE | ||||
r-release-windows-x86_64 | 0.2.2 | 47.00 | 67.00 | 114.00 | OK | |
r-oldrel-macos-arm64 | 0.2.2 | NOTE | ||||
r-oldrel-macos-x86_64 | 0.2.2 | NOTE | ||||
r-oldrel-windows-ix86+x86_64 | 0.2.2 | 7.00 | 51.00 | 58.00 | OK |
Version: 0.2.2
Check: data for non-ASCII characters
Result: NOTE
Note: found 34 marked UTF-8 strings
Flavors: r-devel-linux-x86_64-fedora-clang, r-devel-linux-x86_64-fedora-gcc, r-release-macos-arm64, r-release-macos-x86_64, r-oldrel-macos-arm64, r-oldrel-macos-x86_64