Last updated on 2022-04-24 03:52:35 CEST.
Flavor | Version | Tinstall | Tcheck | Ttotal | Status | Flags |
---|---|---|---|---|---|---|
r-devel-linux-x86_64-debian-clang | 0.1 | 2.08 | 34.32 | 36.40 | NOTE | |
r-devel-linux-x86_64-debian-gcc | 0.1 | 1.71 | 26.38 | 28.09 | NOTE | |
r-devel-linux-x86_64-fedora-clang | 0.1 | 45.47 | NOTE | |||
r-devel-linux-x86_64-fedora-gcc | 0.1 | 32.92 | NOTE | |||
r-patched-linux-x86_64 | 0.1 | 2.06 | 32.07 | 34.13 | NOTE | |
r-release-linux-x86_64 | 0.1 | 2.41 | 32.27 | 34.68 | NOTE | |
r-release-macos-arm64 | 0.1 | NOTE | ||||
r-release-macos-x86_64 | 0.1 | NOTE | ||||
r-release-windows-x86_64 | 0.1 | 23.00 | 54.00 | 77.00 | NOTE | |
r-oldrel-macos-arm64 | 0.1 | NOTE | ||||
r-oldrel-macos-x86_64 | 0.1 | NOTE | ||||
r-oldrel-windows-ix86+x86_64 | 0.1 | 6.00 | 39.00 | 45.00 | NOTE |
Version: 0.1
Check: LazyData
Result: NOTE
'LazyData' is specified without a 'data' directory
Flavors: r-devel-linux-x86_64-debian-clang, r-devel-linux-x86_64-debian-gcc, r-devel-linux-x86_64-fedora-clang, r-devel-linux-x86_64-fedora-gcc, r-patched-linux-x86_64, r-release-linux-x86_64, r-release-macos-arm64, r-release-macos-x86_64, r-release-windows-x86_64, r-oldrel-macos-arm64, r-oldrel-macos-x86_64, r-oldrel-windows-ix86+x86_64
Version: 0.1
Check: dependencies in R code
Result: NOTE
Namespace in Imports field not imported from: ‘magrittr’
All declared Imports should be used.
Flavors: r-devel-linux-x86_64-fedora-clang, r-devel-linux-x86_64-fedora-gcc, r-release-macos-arm64, r-release-macos-x86_64, r-oldrel-macos-arm64, r-oldrel-macos-x86_64