Last updated on 2022-04-24 03:52:35 CEST.
Flavor | Version | Tinstall | Tcheck | Ttotal | Status | Flags |
---|---|---|---|---|---|---|
r-devel-linux-x86_64-debian-clang | 5.0.0-10 | 72.03 | 190.36 | 262.39 | OK | |
r-devel-linux-x86_64-debian-gcc | 5.0.0-10 | 59.00 | 134.52 | 193.52 | OK | |
r-devel-linux-x86_64-fedora-clang | 5.0.0-10 | 366.70 | NOTE | |||
r-devel-linux-x86_64-fedora-gcc | 5.0.0-10 | 298.33 | OK | |||
r-patched-linux-x86_64 | 5.0.0-10 | 61.47 | 166.66 | 228.13 | OK | |
r-release-linux-x86_64 | 5.0.0-10 | 63.63 | 166.36 | 229.99 | OK | |
r-release-macos-arm64 | 5.0.0-10 | NOTE | ||||
r-release-macos-x86_64 | 5.0.0-10 | NOTE | ||||
r-release-windows-x86_64 | 5.0.0-10 | 107.00 | 223.00 | 330.00 | OK | |
r-oldrel-macos-arm64 | 5.0.0-10 | NOTE | ||||
r-oldrel-macos-x86_64 | 5.0.0-10 | NOTE | ||||
r-oldrel-windows-ix86+x86_64 | 5.0.0-10 | 171.00 | 372.00 | 543.00 | OK |
Version: 5.0.0-10
Check: installed package size
Result: NOTE
installed size is 5.3Mb
sub-directories of 1Mb or more:
libs 3.2Mb
Flavors: r-devel-linux-x86_64-fedora-clang, r-release-macos-arm64, r-release-macos-x86_64, r-oldrel-macos-arm64, r-oldrel-macos-x86_64