Last updated on 2022-04-24 03:52:35 CEST.
Flavor | Version | Tinstall | Tcheck | Ttotal | Status | Flags |
---|---|---|---|---|---|---|
r-devel-linux-x86_64-debian-clang | 0.1.2 | 4.90 | 78.92 | 83.82 | OK | |
r-devel-linux-x86_64-debian-gcc | 0.1.2 | 5.02 | 59.96 | 64.98 | OK | |
r-devel-linux-x86_64-fedora-clang | 0.1.2 | 103.69 | NOTE | |||
r-devel-linux-x86_64-fedora-gcc | 0.1.2 | 87.68 | OK | |||
r-patched-linux-x86_64 | 0.1.2 | 6.01 | 75.75 | 81.76 | OK | |
r-release-linux-x86_64 | 0.1.2 | 5.96 | 75.89 | 81.85 | OK | |
r-release-macos-arm64 | 0.1.2 | NOTE | ||||
r-release-macos-x86_64 | 0.1.2 | WARN | ||||
r-release-windows-x86_64 | 0.1.2 | 45.00 | 124.00 | 169.00 | NOTE | |
r-oldrel-macos-arm64 | 0.1.2 | NOTE | ||||
r-oldrel-macos-x86_64 | 0.1.2 | WARN | ||||
r-oldrel-windows-ix86+x86_64 | 0.1.2 | 13.00 | 99.00 | 112.00 | NOTE |
Version: 0.1.2
Check: installed package size
Result: NOTE
installed size is 11.6Mb
sub-directories of 1Mb or more:
doc 9.9Mb
Flavors: r-devel-linux-x86_64-fedora-clang, r-release-macos-arm64, r-release-macos-x86_64, r-release-windows-x86_64, r-oldrel-macos-arm64, r-oldrel-macos-x86_64, r-oldrel-windows-ix86+x86_64
Version: 0.1.2
Check: re-building of vignette outputs
Result: WARN
Error(s) in re-building vignettes:
...
--- re-building ‘r3dmol.Rmd’ using rmarkdown
Warning in engine$weave(file, quiet = quiet, encoding = enc) :
Pandoc (>= 1.12.3) not available. Falling back to R Markdown v1.
Quitting from lines 34-66 (r3dmol.Rmd)
Error: processing vignette 'r3dmol.Rmd' failed with diagnostics:
invalid 'path' argument
--- failed re-building ‘r3dmol.Rmd’
--- re-building ‘style-functions.Rmd’ using rmarkdown
Warning in engine$weave(file, quiet = quiet, encoding = enc) :
Pandoc (>= 1.12.3) not available. Falling back to R Markdown v1.
Quitting from lines 43-49 (style-functions.Rmd)
Error: processing vignette 'style-functions.Rmd' failed with diagnostics:
invalid 'path' argument
--- failed re-building ‘style-functions.Rmd’
SUMMARY: processing the following files failed:
‘r3dmol.Rmd’ ‘style-functions.Rmd’
Error: Vignette re-building failed.
Execution halted
Flavors: r-release-macos-x86_64, r-oldrel-macos-x86_64