Last updated on 2022-04-24 03:52:35 CEST.
Flavor | Version | Tinstall | Tcheck | Ttotal | Status | Flags |
---|---|---|---|---|---|---|
r-devel-linux-x86_64-debian-clang | 0.7.0 | 2.23 | 36.91 | 39.14 | NOTE | |
r-devel-linux-x86_64-debian-gcc | 0.7.0 | 1.81 | 28.30 | 30.11 | NOTE | |
r-devel-linux-x86_64-fedora-clang | 0.7.0 | 47.92 | NOTE | |||
r-devel-linux-x86_64-fedora-gcc | 0.7.0 | 35.92 | NOTE | |||
r-patched-linux-x86_64 | 0.7.0 | 1.63 | 34.96 | 36.59 | NOTE | |
r-release-linux-x86_64 | 0.7.0 | 1.93 | 34.56 | 36.49 | NOTE | |
r-release-macos-arm64 | 0.7.0 | NOTE | ||||
r-release-macos-x86_64 | 0.7.0 | NOTE | ||||
r-release-windows-x86_64 | 0.7.0 | 10.00 | 57.00 | 67.00 | NOTE | |
r-oldrel-macos-arm64 | 0.7.0 | NOTE | ||||
r-oldrel-macos-x86_64 | 0.7.0 | NOTE | ||||
r-oldrel-windows-ix86+x86_64 | 0.7.0 | 5.00 | 44.00 | 49.00 | ERROR |
Version: 0.7.0
Check: LazyData
Result: NOTE
'LazyData' is specified without a 'data' directory
Flavors: r-devel-linux-x86_64-debian-clang, r-devel-linux-x86_64-debian-gcc, r-devel-linux-x86_64-fedora-clang, r-devel-linux-x86_64-fedora-gcc, r-patched-linux-x86_64, r-release-linux-x86_64, r-release-macos-arm64, r-release-macos-x86_64, r-release-windows-x86_64, r-oldrel-macos-arm64, r-oldrel-macos-x86_64, r-oldrel-windows-ix86+x86_64
Version: 0.7.0
Check: tests
Result: ERROR
Running 'testthat.R' [3s]
Running the tests in 'tests/testthat.R' failed.
Complete output:
> library(testthat)
> library(rAltmetric)
>
> test_check("rAltmetric")
[ FAIL 1 | WARN 0 | SKIP 0 | PASS 2 ]
== Failed tests ================================================================
-- Error (tests.R:4:3): str_length is number of characters ---------------------
Error in `curl::curl_fetch_memory(url, handle = handle)`: Failed to connect to api.altmetric.com port 80: Connection refused
Backtrace:
x
1. \-rAltmetric::altmetrics(doi = "10.1038/480426a") at tests.R:4:2
2. \-httr::GET(paste0(base_url, ids), query = args, foptions)
3. \-httr:::request_perform(req, hu$handle$handle)
4. +-httr:::request_fetch(req$output, req$url, handle)
5. \-httr:::request_fetch.write_memory(req$output, req$url, handle)
6. \-curl::curl_fetch_memory(url, handle = handle)
[ FAIL 1 | WARN 0 | SKIP 0 | PASS 2 ]
Error: Test failures
Execution halted
Flavor: r-oldrel-windows-ix86+x86_64
Version: 0.7.0
Check: re-building of vignette outputs
Result: WARN
Error(s) in re-building vignettes:
--- re-building 'intro-to-altmetric.Rmd' using rmarkdown
Quitting from lines 24-40 (intro-to-altmetric.Rmd)
Error: processing vignette 'intro-to-altmetric.Rmd' failed with diagnostics:
Failed to connect to api.altmetric.com port 443: Connection refused
--- failed re-building 'intro-to-altmetric.Rmd'
SUMMARY: processing the following file failed:
'intro-to-altmetric.Rmd'
Error: Vignette re-building failed.
Execution halted
Flavor: r-oldrel-windows-ix86+x86_64