Last updated on 2022-04-24 03:52:35 CEST.
Flavor | Version | Tinstall | Tcheck | Ttotal | Status | Flags |
---|---|---|---|---|---|---|
r-devel-linux-x86_64-debian-clang | 1.5.0 | 11.39 | 83.55 | 94.94 | OK | |
r-devel-linux-x86_64-debian-gcc | 1.5.0 | 9.00 | 61.48 | 70.48 | OK | |
r-devel-linux-x86_64-fedora-clang | 1.5.0 | 117.27 | NOTE | |||
r-devel-linux-x86_64-fedora-gcc | 1.5.0 | 96.66 | OK | |||
r-patched-linux-x86_64 | 1.5.0 | 11.99 | 78.30 | 90.29 | OK | |
r-release-linux-x86_64 | 1.5.0 | 9.30 | 76.69 | 85.99 | OK | |
r-release-macos-arm64 | 1.5.0 | NOTE | ||||
r-release-macos-x86_64 | 1.5.0 | NOTE | ||||
r-release-windows-x86_64 | 1.5.0 | 167.00 | 99.00 | 266.00 | NOTE | |
r-oldrel-macos-arm64 | 1.5.0 | NOTE | ||||
r-oldrel-macos-x86_64 | 1.5.0 | NOTE | ||||
r-oldrel-windows-ix86+x86_64 | 1.5.0 | 21.00 | 89.00 | 110.00 | NOTE |
Version: 1.5.0
Check: installed package size
Result: NOTE
installed size is 11.3Mb
sub-directories of 1Mb or more:
htmlwidgets 9.8Mb
super-tiny-icons 1.0Mb
Flavors: r-devel-linux-x86_64-fedora-clang, r-release-macos-arm64, r-release-macos-x86_64, r-release-windows-x86_64, r-oldrel-macos-arm64, r-oldrel-macos-x86_64, r-oldrel-windows-ix86+x86_64