Last updated on 2022-04-24 03:52:35 CEST.
Flavor | Version | Tinstall | Tcheck | Ttotal | Status | Flags |
---|---|---|---|---|---|---|
r-devel-linux-x86_64-debian-clang | 1.0 | 3.40 | 31.11 | 34.51 | OK | |
r-devel-linux-x86_64-debian-gcc | 1.0 | 2.87 | 23.66 | 26.53 | OK | |
r-devel-linux-x86_64-fedora-clang | 1.0 | 42.32 | NOTE | |||
r-devel-linux-x86_64-fedora-gcc | 1.0 | 30.43 | NOTE | |||
r-patched-linux-x86_64 | 1.0 | 3.38 | 29.73 | 33.11 | OK | |
r-release-linux-x86_64 | 1.0 | 2.65 | 29.03 | 31.68 | OK | |
r-release-macos-arm64 | 1.0 | OK | ||||
r-release-macos-x86_64 | 1.0 | OK | ||||
r-release-windows-x86_64 | 1.0 | 17.00 | 52.00 | 69.00 | OK | |
r-oldrel-macos-arm64 | 1.0 | OK | ||||
r-oldrel-macos-x86_64 | 1.0 | OK | ||||
r-oldrel-windows-ix86+x86_64 | 1.0 | 9.00 | 34.00 | 43.00 | OK |
Version: 1.0
Check: Rd cross-references
Result: NOTE
Undeclared packages ‘MCMCpack’, ‘gtools’ in Rd xrefs
Flavor: r-devel-linux-x86_64-fedora-clang
Version: 1.0
Check: compiled code
Result: NOTE
File ‘rBeta2009/libs/rBeta2009.so’:
Found no calls to: ‘R_registerRoutines’, ‘R_useDynamicSymbols’
It is good practice to register native routines and to disable symbol
search.
See ‘Writing portable packages’ in the ‘Writing R Extensions’ manual.
Flavors: r-devel-linux-x86_64-fedora-clang, r-devel-linux-x86_64-fedora-gcc