Last updated on 2022-04-24 03:52:35 CEST.
Flavor | Version | Tinstall | Tcheck | Ttotal | Status | Flags |
---|---|---|---|---|---|---|
r-devel-linux-x86_64-debian-clang | 0.4.3 | 13.80 | 118.46 | 132.26 | NOTE | |
r-devel-linux-x86_64-debian-gcc | 0.4.3 | 8.74 | 90.39 | 99.13 | NOTE | |
r-devel-linux-x86_64-fedora-clang | 0.4.3 | 153.80 | NOTE | |||
r-devel-linux-x86_64-fedora-gcc | 0.4.3 | 142.49 | NOTE | |||
r-patched-linux-x86_64 | 0.4.3 | 9.98 | 112.95 | 122.93 | NOTE | |
r-release-linux-x86_64 | 0.4.3 | 9.51 | 106.91 | 116.42 | NOTE | |
r-release-macos-arm64 | 0.4.3 | NOTE | ||||
r-release-macos-x86_64 | 0.4.3 | NOTE | ||||
r-release-windows-x86_64 | 0.4.3 | 51.00 | 121.00 | 172.00 | NOTE | |
r-oldrel-macos-arm64 | 0.4.3 | NOTE | ||||
r-oldrel-macos-x86_64 | 0.4.3 | NOTE | ||||
r-oldrel-windows-ix86+x86_64 | 0.4.3 | 24.00 | 116.00 | 140.00 | NOTE |
Version: 0.4.3
Check: LazyData
Result: NOTE
'LazyData' is specified without a 'data' directory
Flavors: r-devel-linux-x86_64-debian-clang, r-devel-linux-x86_64-debian-gcc, r-devel-linux-x86_64-fedora-clang, r-devel-linux-x86_64-fedora-gcc, r-patched-linux-x86_64, r-release-linux-x86_64, r-release-macos-arm64, r-release-macos-x86_64, r-release-windows-x86_64, r-oldrel-macos-arm64, r-oldrel-macos-x86_64, r-oldrel-windows-ix86+x86_64