Last updated on 2022-04-24 03:52:35 CEST.
Flavor | Version | Tinstall | Tcheck | Ttotal | Status | Flags |
---|---|---|---|---|---|---|
r-devel-linux-x86_64-debian-clang | 1.1 | 2.19 | 38.34 | 40.53 | NOTE | |
r-devel-linux-x86_64-debian-gcc | 1.1 | 1.79 | 29.84 | 31.63 | NOTE | |
r-devel-linux-x86_64-fedora-clang | 1.1 | 49.59 | NOTE | |||
r-devel-linux-x86_64-fedora-gcc | 1.1 | 37.94 | NOTE | |||
r-patched-linux-x86_64 | 1.1 | 2.64 | 37.80 | 40.44 | NOTE | |
r-release-linux-x86_64 | 1.1 | 2.32 | 36.36 | 38.68 | NOTE | |
r-release-macos-arm64 | 1.1 | NOTE | ||||
r-release-macos-x86_64 | 1.1 | NOTE | ||||
r-release-windows-x86_64 | 1.1 | 23.00 | 57.00 | 80.00 | NOTE | |
r-oldrel-macos-arm64 | 1.1 | NOTE | ||||
r-oldrel-macos-x86_64 | 1.1 | NOTE | ||||
r-oldrel-windows-ix86+x86_64 | 1.1 | 4.00 | 40.00 | 44.00 | NOTE |
Version: 1.1
Check: R code for possible problems
Result: NOTE
cmaOptimDP: no visible global function definition for 'flush.console'
Undefined global functions or variables:
flush.console
Consider adding
importFrom("utils", "flush.console")
to your NAMESPACE file.
Flavors: r-devel-linux-x86_64-debian-clang, r-devel-linux-x86_64-debian-gcc, r-devel-linux-x86_64-fedora-clang, r-devel-linux-x86_64-fedora-gcc, r-patched-linux-x86_64, r-release-linux-x86_64, r-release-macos-arm64, r-release-macos-x86_64, r-release-windows-x86_64, r-oldrel-macos-arm64, r-oldrel-macos-x86_64, r-oldrel-windows-ix86+x86_64
Version: 1.1
Check: for non-standard things in the check directory
Result: NOTE
Found the following files/directories:
'outcmaesdisp.dat'
Flavors: r-devel-linux-x86_64-debian-clang, r-devel-linux-x86_64-debian-gcc, r-devel-linux-x86_64-fedora-clang, r-devel-linux-x86_64-fedora-gcc, r-patched-linux-x86_64, r-release-linux-x86_64