Last updated on 2022-04-24 03:52:35 CEST.
Flavor | Version | Tinstall | Tcheck | Ttotal | Status | Flags |
---|---|---|---|---|---|---|
r-devel-linux-x86_64-debian-clang | 1.0.6 | 3.59 | 53.08 | 56.67 | NOTE | |
r-devel-linux-x86_64-debian-gcc | 1.0.6 | 3.10 | 40.69 | 43.79 | NOTE | |
r-devel-linux-x86_64-fedora-clang | 1.0.6 | 68.29 | NOTE | |||
r-devel-linux-x86_64-fedora-gcc | 1.0.6 | 58.15 | NOTE | |||
r-patched-linux-x86_64 | 1.0.6 | 3.86 | 51.60 | 55.46 | NOTE | |
r-release-linux-x86_64 | 1.0.6 | 3.39 | 48.45 | 51.84 | NOTE | |
r-release-macos-arm64 | 1.0.6 | NOTE | ||||
r-release-macos-x86_64 | 1.0.6 | NOTE | ||||
r-release-windows-x86_64 | 1.0.6 | 47.00 | 81.00 | 128.00 | NOTE | |
r-oldrel-macos-arm64 | 1.0.6 | NOTE | ||||
r-oldrel-macos-x86_64 | 1.0.6 | NOTE | ||||
r-oldrel-windows-ix86+x86_64 | 1.0.6 | 9.00 | 52.00 | 61.00 | NOTE |
Version: 1.0.6
Check: DESCRIPTION meta-information
Result: NOTE
Malformed Description field: should contain one or more complete sentences.
Flavors: r-devel-linux-x86_64-debian-clang, r-devel-linux-x86_64-debian-gcc, r-devel-linux-x86_64-fedora-clang, r-devel-linux-x86_64-fedora-gcc, r-patched-linux-x86_64, r-release-linux-x86_64, r-release-macos-arm64, r-release-macos-x86_64, r-release-windows-x86_64, r-oldrel-macos-arm64, r-oldrel-macos-x86_64, r-oldrel-windows-ix86+x86_64
Version: 1.0.6
Check: R code for possible problems
Result: NOTE
.onAttach: no visible global function definition for
'packageDescription'
rselect.list: no visible global function definition for 'select.list'
Undefined global functions or variables:
packageDescription select.list
Consider adding
importFrom("utils", "packageDescription", "select.list")
to your NAMESPACE file.
Flavors: r-devel-linux-x86_64-debian-clang, r-devel-linux-x86_64-debian-gcc, r-devel-linux-x86_64-fedora-clang, r-devel-linux-x86_64-fedora-gcc, r-patched-linux-x86_64, r-release-linux-x86_64, r-release-macos-arm64, r-release-macos-x86_64, r-release-windows-x86_64, r-oldrel-macos-arm64, r-oldrel-macos-x86_64, r-oldrel-windows-ix86+x86_64