Last updated on 2022-04-24 03:52:35 CEST.
Flavor | Version | Tinstall | Tcheck | Ttotal | Status | Flags |
---|---|---|---|---|---|---|
r-devel-linux-x86_64-debian-clang | 0.0.2 | 51.99 | 37.80 | 89.79 | OK | |
r-devel-linux-x86_64-debian-gcc | 0.0.2 | 40.67 | 30.54 | 71.21 | OK | |
r-devel-linux-x86_64-fedora-clang | 0.0.2 | 124.28 | NOTE | |||
r-devel-linux-x86_64-fedora-gcc | 0.0.2 | 97.40 | OK | |||
r-patched-linux-x86_64 | 0.0.2 | 44.25 | 38.59 | 82.84 | OK | |
r-release-linux-x86_64 | 0.0.2 | 38.62 | 36.52 | 75.14 | OK | |
r-release-macos-arm64 | 0.0.2 | NOTE | ||||
r-release-macos-x86_64 | 0.0.2 | NOTE | ||||
r-release-windows-x86_64 | 0.0.2 | 723.00 | 87.00 | 810.00 | OK | |
r-oldrel-macos-arm64 | 0.0.2 | NOTE | ||||
r-oldrel-macos-x86_64 | 0.0.2 | NOTE | ||||
r-oldrel-windows-ix86+x86_64 | 0.0.2 | 108.00 | 75.00 | 183.00 | OK |
Version: 0.0.2
Check: installed package size
Result: NOTE
installed size is 5.5Mb
sub-directories of 1Mb or more:
libs 5.4Mb
Flavors: r-devel-linux-x86_64-fedora-clang, r-release-macos-arm64, r-release-macos-x86_64, r-oldrel-macos-arm64, r-oldrel-macos-x86_64