Last updated on 2022-04-24 03:52:36 CEST.
Flavor | Version | Tinstall | Tcheck | Ttotal | Status | Flags |
---|---|---|---|---|---|---|
r-devel-linux-x86_64-debian-clang | 0.0.0 | 3.14 | 41.09 | 44.23 | NOTE | |
r-devel-linux-x86_64-debian-gcc | 0.0.0 | 2.55 | 32.09 | 34.64 | NOTE | |
r-devel-linux-x86_64-fedora-clang | 0.0.0 | 54.46 | NOTE | |||
r-devel-linux-x86_64-fedora-gcc | 0.0.0 | 42.82 | NOTE | |||
r-patched-linux-x86_64 | 0.0.0 | 2.74 | 39.96 | 42.70 | NOTE | |
r-release-linux-x86_64 | 0.0.0 | 2.72 | 39.20 | 41.92 | NOTE | |
r-release-macos-arm64 | 0.0.0 | NOTE | ||||
r-release-macos-x86_64 | 0.0.0 | NOTE | ||||
r-release-windows-x86_64 | 0.0.0 | 12.00 | 67.00 | 79.00 | NOTE | |
r-oldrel-macos-arm64 | 0.0.0 | NOTE | ||||
r-oldrel-macos-x86_64 | 0.0.0 | NOTE | ||||
r-oldrel-windows-ix86+x86_64 | 0.0.0 | 6.00 | 47.00 | 53.00 | NOTE |
Version: 0.0.0
Check: R code for possible problems
Result: NOTE
FDSNGetTimeSeries: no visible global function definition for
'download.file'
Undefined global functions or variables:
download.file
Consider adding
importFrom("utils", "download.file")
to your NAMESPACE file.
Flavors: r-devel-linux-x86_64-debian-clang, r-devel-linux-x86_64-debian-gcc, r-devel-linux-x86_64-fedora-clang, r-devel-linux-x86_64-fedora-gcc, r-patched-linux-x86_64, r-release-linux-x86_64, r-release-macos-arm64, r-release-macos-x86_64, r-release-windows-x86_64, r-oldrel-macos-arm64, r-oldrel-macos-x86_64, r-oldrel-windows-ix86+x86_64