Last updated on 2022-04-24 03:52:36 CEST.
Flavor | Version | Tinstall | Tcheck | Ttotal | Status | Flags |
---|---|---|---|---|---|---|
r-devel-linux-x86_64-debian-clang | 0.1.0 | 2.22 | 48.98 | 51.20 | OK | |
r-devel-linux-x86_64-debian-gcc | 0.1.0 | 1.71 | 36.12 | 37.83 | OK | |
r-devel-linux-x86_64-fedora-clang | 0.1.0 | 62.50 | OK | |||
r-devel-linux-x86_64-fedora-gcc | 0.1.0 | 48.52 | OK | |||
r-patched-linux-x86_64 | 0.1.0 | 2.07 | 45.81 | 47.88 | OK | |
r-release-linux-x86_64 | 0.1.0 | 1.44 | 44.78 | 46.22 | OK | |
r-release-macos-arm64 | 0.1.0 | OK | ||||
r-release-macos-x86_64 | 0.1.0 | WARN | ||||
r-release-windows-x86_64 | 0.1.0 | 44.00 | 69.00 | 113.00 | OK | |
r-oldrel-macos-arm64 | 0.1.0 | OK | ||||
r-oldrel-macos-x86_64 | 0.1.0 | WARN | ||||
r-oldrel-windows-ix86+x86_64 | 0.1.0 | 6.00 | 56.00 | 62.00 | OK |
Version: 0.1.0
Check: re-building of vignette outputs
Result: WARN
Error(s) in re-building vignettes:
...
--- re-building ‘Create_map_displaying_Ghana_2019_School_Attendance_Indicators.Rmd’ using rmarkdown
Pandoc is required to build R Markdown vignettes but not available. Please make sure it is installed.
Quitting from lines 20-26 (Create_map_displaying_Ghana_2019_School_Attendance_Indicators.Rmd)
Error: processing vignette 'Create_map_displaying_Ghana_2019_School_Attendance_Indicators.Rmd' failed with diagnostics:
package or namespace load failed for 'tmap' in loadNamespace(i, c(lib.loc, .libPaths()), versionCheck = vI[[i]]):
there is no package called 'terra'
--- failed re-building ‘Create_map_displaying_Ghana_2019_School_Attendance_Indicators.Rmd’
SUMMARY: processing the following file failed:
‘Create_map_displaying_Ghana_2019_School_Attendance_Indicators.Rmd’
Error: Vignette re-building failed.
Execution halted
Flavors: r-release-macos-x86_64, r-oldrel-macos-x86_64