Last updated on 2022-04-24 03:52:36 CEST.
Flavor | Version | Tinstall | Tcheck | Ttotal | Status | Flags |
---|---|---|---|---|---|---|
r-devel-linux-x86_64-debian-clang | 1.0.1 | 3.06 | 38.00 | 41.06 | NOTE | |
r-devel-linux-x86_64-debian-gcc | 1.0.1 | 2.31 | 28.92 | 31.23 | NOTE | |
r-devel-linux-x86_64-fedora-clang | 1.0.1 | 49.50 | NOTE | |||
r-devel-linux-x86_64-fedora-gcc | 1.0.1 | 38.11 | NOTE | |||
r-patched-linux-x86_64 | 1.0.1 | 2.59 | 36.64 | 39.23 | NOTE | |
r-release-linux-x86_64 | 1.0.1 | 2.73 | 36.23 | 38.96 | NOTE | |
r-release-macos-arm64 | 1.0.1 | NOTE | ||||
r-release-macos-x86_64 | 1.0.1 | NOTE | ||||
r-release-windows-x86_64 | 1.0.1 | 24.00 | 53.00 | 77.00 | NOTE | |
r-oldrel-macos-arm64 | 1.0.1 | NOTE | ||||
r-oldrel-macos-x86_64 | 1.0.1 | NOTE | ||||
r-oldrel-windows-ix86+x86_64 | 1.0.1 | 7.00 | 46.00 | 53.00 | NOTE |
Version: 1.0.1
Check: R code for possible problems
Result: NOTE
.quick_fetch: no visible global function definition for 'POST'
.quick_fetch: no visible global function definition for 'add_headers'
.quick_fetch: no visible global function definition for
'stop_for_status'
.quick_fetch: no visible global function definition for 'content'
fetch_healthdata: no visible binding for global variable 'resources'
fetch_healthdata : <anonymous>: no visible binding for global variable
'filters'
Undefined global functions or variables:
POST add_headers content filters resources stop_for_status
Flavors: r-devel-linux-x86_64-debian-clang, r-devel-linux-x86_64-debian-gcc, r-devel-linux-x86_64-fedora-clang, r-devel-linux-x86_64-fedora-gcc, r-patched-linux-x86_64, r-release-linux-x86_64, r-release-macos-arm64, r-release-macos-x86_64, r-release-windows-x86_64, r-oldrel-macos-arm64, r-oldrel-macos-x86_64, r-oldrel-windows-ix86+x86_64