Last updated on 2022-04-24 03:52:36 CEST.
Flavor | Version | Tinstall | Tcheck | Ttotal | Status | Flags |
---|---|---|---|---|---|---|
r-devel-linux-x86_64-debian-clang | 1.1 | 21.55 | 251.83 | 273.38 | OK | |
r-devel-linux-x86_64-debian-gcc | 1.1 | 18.13 | 182.07 | 200.20 | OK | |
r-devel-linux-x86_64-fedora-clang | 1.1 | 317.20 | NOTE | |||
r-devel-linux-x86_64-fedora-gcc | 1.1 | 296.15 | OK | |||
r-patched-linux-x86_64 | 1.1 | 21.15 | 235.88 | 257.03 | OK | |
r-release-linux-x86_64 | 1.1 | 18.10 | 218.80 | 236.90 | OK | |
r-release-macos-arm64 | 1.1 | NOTE | ||||
r-release-macos-x86_64 | 1.1 | NOTE | ||||
r-release-windows-x86_64 | 1.1 | 88.00 | 280.00 | 368.00 | NOTE | |
r-oldrel-macos-arm64 | 1.1 | NOTE | ||||
r-oldrel-macos-x86_64 | 1.1 | NOTE | ||||
r-oldrel-windows-ix86+x86_64 | 1.1 | 63.00 | 266.00 | 329.00 | NOTE |
Version: 1.1
Check: installed package size
Result: NOTE
installed size is 24.8Mb
sub-directories of 1Mb or more:
extdata 24.0Mb
Flavors: r-devel-linux-x86_64-fedora-clang, r-release-macos-arm64, r-release-macos-x86_64, r-release-windows-x86_64, r-oldrel-macos-arm64, r-oldrel-macos-x86_64, r-oldrel-windows-ix86+x86_64