Last updated on 2022-04-24 03:52:36 CEST.
Flavor | Version | Tinstall | Tcheck | Ttotal | Status | Flags |
---|---|---|---|---|---|---|
r-devel-linux-x86_64-debian-clang | 0.1.4 | 4.23 | 38.73 | 42.96 | NOTE | |
r-devel-linux-x86_64-debian-gcc | 0.1.4 | 3.12 | 29.22 | 32.34 | NOTE | |
r-devel-linux-x86_64-fedora-clang | 0.1.4 | 51.15 | NOTE | |||
r-devel-linux-x86_64-fedora-gcc | 0.1.4 | 39.39 | NOTE | |||
r-patched-linux-x86_64 | 0.1.4 | 3.49 | 36.82 | 40.31 | NOTE | |
r-release-linux-x86_64 | 0.1.4 | 3.63 | 35.58 | 39.21 | NOTE | |
r-release-macos-arm64 | 0.1.4 | NOTE | ||||
r-release-macos-x86_64 | 0.1.4 | NOTE | ||||
r-release-windows-x86_64 | 0.1.4 | 21.00 | 60.00 | 81.00 | NOTE | |
r-oldrel-macos-arm64 | 0.1.4 | NOTE | ||||
r-oldrel-macos-x86_64 | 0.1.4 | NOTE | ||||
r-oldrel-windows-ix86+x86_64 | 0.1.4 | 13.00 | 55.00 | 68.00 | NOTE |
Version: 0.1.4
Check: LazyData
Result: NOTE
'LazyData' is specified without a 'data' directory
Flavors: r-devel-linux-x86_64-debian-clang, r-devel-linux-x86_64-debian-gcc, r-devel-linux-x86_64-fedora-clang, r-devel-linux-x86_64-fedora-gcc, r-patched-linux-x86_64, r-release-linux-x86_64, r-release-macos-arm64, r-release-macos-x86_64, r-release-windows-x86_64, r-oldrel-macos-arm64, r-oldrel-macos-x86_64, r-oldrel-windows-ix86+x86_64